{"id":7338,"date":"2020-02-18T14:12:22","date_gmt":"2020-02-18T14:12:22","guid":{"rendered":"https:\/\/xn--grne-fraktion-landshut-tlc.de\/?page_id=7338"},"modified":"2020-02-18T14:15:29","modified_gmt":"2020-02-18T14:15:29","slug":"jugend-und-soziales","status":"publish","type":"page","link":"https:\/\/gruene-fraktion.la\/?page_id=7338","title":{"rendered":"Jugend und Soziales"},"content":{"rendered":"\t\t<div data-elementor-type=\"wp-page\" data-elementor-id=\"7338\" class=\"elementor elementor-7338\">\n\t\t\t\t\t\t<section class=\"elementor-section elementor-top-section elementor-element elementor-element-513d280 elementor-section-boxed elementor-section-height-default elementor-section-height-default\" data-id=\"513d280\" data-element_type=\"section\" data-e-type=\"section\">\n\t\t\t\t\t\t<div class=\"elementor-container elementor-column-gap-default\">\n\t\t\t\t\t<div class=\"elementor-column elementor-col-100 elementor-top-column elementor-element elementor-element-964b904\" data-id=\"964b904\" data-element_type=\"column\" data-e-type=\"column\">\n\t\t\t<div class=\"elementor-widget-wrap elementor-element-populated\">\n\t\t\t\t\t\t<div class=\"elementor-element elementor-element-45224fe elementor-widget elementor-widget-image\" data-id=\"45224fe\" data-element_type=\"widget\" data-e-type=\"widget\" data-widget_type=\"image.default\">\n\t\t\t\t<div class=\"elementor-widget-container\">\n\t\t\t\t\t\t\t\t\t\t\t\t\t\t\t<img fetchpriority=\"high\" decoding=\"async\" width=\"783\" height=\"628\" src=\"https:\/\/gruene-fraktion.la\/wp-content\/uploads\/2020\/02\/Themen_Lieblingsplaetze-10-800x642.jpg\" class=\"attachment-large size-large wp-image-44\" alt=\"\" srcset=\"https:\/\/gruene-fraktion.la\/wp-content\/uploads\/2020\/02\/Themen_Lieblingsplaetze-10-800x642.jpg 800w, https:\/\/gruene-fraktion.la\/wp-content\/uploads\/2020\/02\/Themen_Lieblingsplaetze-10-400x321.jpg 400w, https:\/\/gruene-fraktion.la\/wp-content\/uploads\/2020\/02\/Themen_Lieblingsplaetze-10-768x616.jpg 768w, https:\/\/gruene-fraktion.la\/wp-content\/uploads\/2020\/02\/Themen_Lieblingsplaetze-10-1536x1233.jpg 1536w, https:\/\/gruene-fraktion.la\/wp-content\/uploads\/2020\/02\/Themen_Lieblingsplaetze-10-150x120.jpg 150w, https:\/\/gruene-fraktion.la\/wp-content\/uploads\/2020\/02\/Themen_Lieblingsplaetze-10.jpg 1600w\" sizes=\"(max-width: 783px) 100vw, 783px\" title=\"Themen_Lieblingsplaetze-10\" \/>\t\t\t\t\t\t\t\t\t\t\t\t\t\t\t<\/div>\n\t\t\t\t<\/div>\n\t\t\t\t\t<\/div>\n\t\t<\/div>\n\t\t\t\t\t<\/div>\n\t\t<\/section>\n\t\t\t\t<section class=\"elementor-section elementor-top-section elementor-element elementor-element-1c98892 elementor-section-boxed elementor-section-height-default elementor-section-height-default\" data-id=\"1c98892\" data-element_type=\"section\" data-e-type=\"section\">\n\t\t\t\t\t\t<div class=\"elementor-container elementor-column-gap-default\">\n\t\t\t\t\t<div class=\"elementor-column elementor-col-100 elementor-top-column elementor-element elementor-element-285d4d4\" data-id=\"285d4d4\" data-element_type=\"column\" data-e-type=\"column\">\n\t\t\t<div class=\"elementor-widget-wrap elementor-element-populated\">\n\t\t\t\t\t\t<div class=\"elementor-element elementor-element-a51a6d1 elementor-widget elementor-widget-text-editor\" data-id=\"a51a6d1\" data-element_type=\"widget\" data-e-type=\"widget\" data-widget_type=\"text-editor.default\">\n\t\t\t\t<div class=\"elementor-widget-container\">\n\t\t\t\t\t\t\t\t\t<p><span style=\"color: #000000;\">Wir Gr\u00fcne stehen f\u00fcr eine Stadtgesellschaft, die zusammenh\u00e4lt. Dazu geh\u00f6ren alle Menschen in Landshut, unabh\u00e4ngig von ihrem Alter oder Geschlecht, von ihrer Herkunft oder ihrem Geldbeutel. Wir setzen uns f\u00fcr mehr bezahlbaren Wohnraum ein, damit sich alle Menschen das eben in der Stadt auch leisten k\u00f6nnen.<\/span><\/p><p><span style=\"color: #000000;\">Familien wollen wir mit einem erweiterten Angebot an Kinderbetreuung unterst\u00fctzen, und Jugendliche endlich in der Stadtpolitik mitmischen lassen. Wohnortnahe Einkaufsm\u00f6glichkeiten und mehr ambulante Pflegedienste erm\u00f6glichen ein selbstbestimmtes Leben im Alter und mit einem kommunalen Aktionsplan Inklusion wollen wir mehr Teilhabe f\u00fcr Menschen mit Behinderung schaffen. Au\u00dferdem braucht es dringend mehr Pl\u00e4tze in Frauenh\u00e4usern und eine Beratungsstelle f\u00fcr LSBTIQ Jugendliche.<\/span><\/p><p><span style=\"color: #000000;\">Landshut ist eine vielf\u00e4ltige Stadt und wir m\u00f6chten, dass alle Menschen sicher und diskriminierungsfrei hier leben k\u00f6nnen. Wir wollen eine Antidiskriminierungsstelle schaffen und die interkulturelle \u00d6ffnung der Verwaltung vorantreiben. Wir sprechen uns deutlich gegen Rechtsextremismus und jede Form von Menschenfeindlichkeit aus.<\/span><\/p>\t\t\t\t\t\t\t\t<\/div>\n\t\t\t\t<\/div>\n\t\t\t\t\t<\/div>\n\t\t<\/div>\n\t\t\t\t\t<\/div>\n\t\t<\/section>\n\t\t\t\t<section class=\"elementor-section elementor-top-section elementor-element elementor-element-216a870 elementor-section-boxed elementor-section-height-default elementor-section-height-default\" data-id=\"216a870\" data-element_type=\"section\" data-e-type=\"section\">\n\t\t\t\t\t\t<div class=\"elementor-container elementor-column-gap-default\">\n\t\t\t\t\t<div class=\"elementor-column elementor-col-100 elementor-top-column elementor-element elementor-element-bd7a354\" data-id=\"bd7a354\" data-element_type=\"column\" data-e-type=\"column\">\n\t\t\t<div class=\"elementor-widget-wrap elementor-element-populated\">\n\t\t\t\t\t\t<div class=\"elementor-element elementor-element-f152663 elementor-widget elementor-widget-heading\" data-id=\"f152663\" data-element_type=\"widget\" data-e-type=\"widget\" data-widget_type=\"heading.default\">\n\t\t\t\t<div class=\"elementor-widget-container\">\n\t\t\t\t\t<h2 class=\"elementor-heading-title elementor-size-default\">Themenbezogene Beitr\u00e4ge:<\/h2>\t\t\t\t<\/div>\n\t\t\t\t<\/div>\n\t\t\t\t<div class=\"elementor-element elementor-element-215fe3a elementor-widget elementor-widget-shortcode\" data-id=\"215fe3a\" data-element_type=\"widget\" data-e-type=\"widget\" data-widget_type=\"shortcode.default\">\n\t\t\t\t<div class=\"elementor-widget-container\">\n\t\t\t\t\t\t\t<div class=\"elementor-shortcode\"><div id=\"upl-list-7341\" class=\"upl-list\">\n<ul>\n<li><div class=\"upl-post-thumbnail\"><a class=\"fancybox\" rel=\"gallery8187\" href=\"https:\/\/gruene-fraktion.la\/?p=10614\"><img decoding=\"async\" width=\"75\" height=\"75\" src=\"https:\/\/gruene-fraktion.la\/wp-content\/uploads\/2026\/02\/fotoblend-banknotes-7850299_1280_Haushalt-150x150.jpg\" class=\"attachment-75x75 size-75x75 wp-post-image\" alt=\"\" srcset=\"https:\/\/gruene-fraktion.la\/wp-content\/uploads\/2026\/02\/fotoblend-banknotes-7850299_1280_Haushalt-150x150.jpg 150w, https:\/\/gruene-fraktion.la\/wp-content\/uploads\/2026\/02\/fotoblend-banknotes-7850299_1280_Haushalt-400x400.jpg 400w\" sizes=\"(max-width: 75px) 100vw, 75px\" title=\"fotoblend-banknotes-7850299_1280_Haushalt\" \/><\/a><\/div><div class=\"upl-post-date\">Februar 12, 2026<\/div><div class=\"upl-post-title\"><a href=\"https:\/\/gruene-fraktion.la\/?p=10614\">Aktueller Stand: Antr\u00e4ge zum Haushaltsplenum<\/a><\/div><\/li>\n<li><div class=\"upl-post-thumbnail\"><a class=\"fancybox\" rel=\"gallery8187\" href=\"https:\/\/gruene-fraktion.la\/?p=10425\"><img decoding=\"async\" width=\"75\" height=\"75\" src=\"https:\/\/gruene-fraktion.la\/wp-content\/uploads\/2023\/05\/sharepic2-150x150.jpg\" class=\"attachment-75x75 size-75x75 wp-post-image\" alt=\"\" srcset=\"https:\/\/gruene-fraktion.la\/wp-content\/uploads\/2023\/05\/sharepic2-150x150.jpg 150w, https:\/\/gruene-fraktion.la\/wp-content\/uploads\/2023\/05\/sharepic2-400x400.jpg 400w\" sizes=\"(max-width: 75px) 100vw, 75px\" title=\"sharepic(2)\" \/><\/a><\/div><div class=\"upl-post-date\">Mai 30, 2023<\/div><div class=\"upl-post-title\"><a href=\"https:\/\/gruene-fraktion.la\/?p=10425\">Erste Anlaufstelle f\u00fcr Pflegende mit gro\u00dfem Zulauf<\/a><\/div><\/li>\n<li><div class=\"upl-post-thumbnail\"><a class=\"fancybox\" rel=\"gallery8187\" href=\"https:\/\/gruene-fraktion.la\/?p=10413\"><img loading=\"lazy\" decoding=\"async\" width=\"75\" height=\"75\" src=\"https:\/\/gruene-fraktion.la\/wp-content\/uploads\/2023\/05\/Moja-Bus-150x150.jpg\" class=\"attachment-75x75 size-75x75 wp-post-image\" alt=\"\" srcset=\"https:\/\/gruene-fraktion.la\/wp-content\/uploads\/2023\/05\/Moja-Bus-150x150.jpg 150w, https:\/\/gruene-fraktion.la\/wp-content\/uploads\/2023\/05\/Moja-Bus-400x400.jpg 400w\" sizes=\"(max-width: 75px) 100vw, 75px\" title=\"Moja Bus\" \/><\/a><\/div><div class=\"upl-post-date\">Mai 6, 2023<\/div><div class=\"upl-post-title\"><a href=\"https:\/\/gruene-fraktion.la\/?p=10413\">Einen neuen Bus f\u00fcr die mobile Jugendarbeit<\/a><\/div><\/li>\n<li><div class=\"upl-post-thumbnail\"><a class=\"fancybox\" rel=\"gallery8187\" href=\"https:\/\/gruene-fraktion.la\/?p=10189\"><img loading=\"lazy\" decoding=\"async\" width=\"75\" height=\"75\" src=\"https:\/\/gruene-fraktion.la\/wp-content\/uploads\/2022\/09\/Rettet-die-Jugendherberge-150x150.jpg\" class=\"attachment-75x75 size-75x75 wp-post-image\" alt=\"\" srcset=\"https:\/\/gruene-fraktion.la\/wp-content\/uploads\/2022\/09\/Rettet-die-Jugendherberge-150x150.jpg 150w, https:\/\/gruene-fraktion.la\/wp-content\/uploads\/2022\/09\/Rettet-die-Jugendherberge-400x400.jpg 400w, https:\/\/gruene-fraktion.la\/wp-content\/uploads\/2022\/09\/Rettet-die-Jugendherberge-800x800.jpg 800w, https:\/\/gruene-fraktion.la\/wp-content\/uploads\/2022\/09\/Rettet-die-Jugendherberge-768x768.jpg 768w, https:\/\/gruene-fraktion.la\/wp-content\/uploads\/2022\/09\/Rettet-die-Jugendherberge.jpg 1080w\" sizes=\"(max-width: 75px) 100vw, 75px\" title=\"Rettet die Jugendherberge\" \/><\/a><\/div><div class=\"upl-post-date\">Dezember 5, 2022<\/div><div class=\"upl-post-title\"><a href=\"https:\/\/gruene-fraktion.la\/?p=10189\">Ottonianum: Jugendherberge bleibt ge\u00f6ffnet<\/a><\/div><\/li>\n<li><div class=\"upl-post-thumbnail\"><a class=\"fancybox\" rel=\"gallery8187\" href=\"https:\/\/gruene-fraktion.la\/?p=9988\"><img loading=\"lazy\" decoding=\"async\" width=\"75\" height=\"75\" src=\"https:\/\/gruene-fraktion.la\/wp-content\/uploads\/2022\/08\/IMG_3976-5-150x150.jpg\" class=\"attachment-75x75 size-75x75 wp-post-image\" alt=\"\" srcset=\"https:\/\/gruene-fraktion.la\/wp-content\/uploads\/2022\/08\/IMG_3976-5-150x150.jpg 150w, https:\/\/gruene-fraktion.la\/wp-content\/uploads\/2022\/08\/IMG_3976-5-400x400.jpg 400w\" sizes=\"(max-width: 75px) 100vw, 75px\" title=\"IMG_3976 (5)\" \/><\/a><\/div><div class=\"upl-post-date\">August 4, 2022<\/div><div class=\"upl-post-title\"><a href=\"https:\/\/gruene-fraktion.la\/?p=9988\">Einsamkeit im Alter ist ein gro\u00dfes Problem &#8211;<\/a><\/div><\/li>\n<li><div class=\"upl-post-thumbnail\"><a class=\"fancybox\" rel=\"gallery8187\" href=\"https:\/\/gruene-fraktion.la\/?p=9881\"><img loading=\"lazy\" decoding=\"async\" width=\"75\" height=\"75\" src=\"https:\/\/gruene-fraktion.la\/wp-content\/uploads\/2022\/06\/weiterbetrieb-der-jugendherber-2-150x150.png\" class=\"attachment-75x75 size-75x75 wp-post-image\" alt=\"\" srcset=\"https:\/\/gruene-fraktion.la\/wp-content\/uploads\/2022\/06\/weiterbetrieb-der-jugendherber-2-150x150.png 150w, https:\/\/gruene-fraktion.la\/wp-content\/uploads\/2022\/06\/weiterbetrieb-der-jugendherber-2-400x400.png 400w\" sizes=\"(max-width: 75px) 100vw, 75px\" title=\"weiterbetrieb-der-jugendherber\" \/><\/a><\/div><div class=\"upl-post-date\">Juni 29, 2022<\/div><div class=\"upl-post-title\"><a href=\"https:\/\/gruene-fraktion.la\/?p=9881\">Zu Landshut geh\u00f6rt eine Jugendherberge<\/a><\/div><\/li>\n<li><div class=\"upl-post-thumbnail\"><a class=\"fancybox\" rel=\"gallery8187\" href=\"https:\/\/gruene-fraktion.la\/?p=9832\"><img loading=\"lazy\" decoding=\"async\" width=\"75\" height=\"75\" src=\"https:\/\/gruene-fraktion.la\/wp-content\/uploads\/2022\/06\/kinderfreundliche-kommune-150x150.png\" class=\"attachment-75x75 size-75x75 wp-post-image\" alt=\"\" srcset=\"https:\/\/gruene-fraktion.la\/wp-content\/uploads\/2022\/06\/kinderfreundliche-kommune-150x150.png 150w, https:\/\/gruene-fraktion.la\/wp-content\/uploads\/2022\/06\/kinderfreundliche-kommune-400x400.png 400w\" sizes=\"(max-width: 75px) 100vw, 75px\" title=\"kinderfreundliche-kommune\" \/><\/a><\/div><div class=\"upl-post-date\">Juni 3, 2022<\/div><div class=\"upl-post-title\"><a href=\"https:\/\/gruene-fraktion.la\/?p=9832\">Landshut auf dem Weg zur kinderfreundlichen Kommune<\/a><\/div><\/li>\n<li><div class=\"upl-post-thumbnail\"><a class=\"fancybox\" rel=\"gallery8187\" href=\"https:\/\/gruene-fraktion.la\/?p=9734\"><img loading=\"lazy\" decoding=\"async\" width=\"75\" height=\"75\" src=\"https:\/\/gruene-fraktion.la\/wp-content\/uploads\/2022\/05\/Bild_Jugendzentrum_neu-150x150.png\" class=\"attachment-75x75 size-75x75 wp-post-image\" alt=\"\" srcset=\"https:\/\/gruene-fraktion.la\/wp-content\/uploads\/2022\/05\/Bild_Jugendzentrum_neu-150x150.png 150w, https:\/\/gruene-fraktion.la\/wp-content\/uploads\/2022\/05\/Bild_Jugendzentrum_neu-400x400.png 400w, https:\/\/gruene-fraktion.la\/wp-content\/uploads\/2022\/05\/Bild_Jugendzentrum_neu.png 427w\" sizes=\"(max-width: 75px) 100vw, 75px\" title=\"Bild_Jugendzentrum_neu\" \/><\/a><\/div><div class=\"upl-post-date\">Mai 10, 2022<\/div><div class=\"upl-post-title\"><a href=\"https:\/\/gruene-fraktion.la\/?p=9734\">Wie lange soll das JUZ noch Baustelle sein?<\/a><\/div><\/li>\n<li><div class=\"upl-post-thumbnail\"><a class=\"fancybox\" rel=\"gallery8187\" href=\"https:\/\/gruene-fraktion.la\/?p=9529\"><img loading=\"lazy\" decoding=\"async\" width=\"75\" height=\"75\" src=\"https:\/\/gruene-fraktion.la\/wp-content\/uploads\/2022\/04\/sharepic1-150x150.png\" class=\"attachment-75x75 size-75x75 wp-post-image\" alt=\"\" srcset=\"https:\/\/gruene-fraktion.la\/wp-content\/uploads\/2022\/04\/sharepic1-150x150.png 150w, https:\/\/gruene-fraktion.la\/wp-content\/uploads\/2022\/04\/sharepic1-400x400.png 400w\" sizes=\"(max-width: 75px) 100vw, 75px\" title=\"sharepic(1)\" \/><\/a><\/div><div class=\"upl-post-date\">April 27, 2022<\/div><div class=\"upl-post-title\"><a href=\"https:\/\/gruene-fraktion.la\/?p=9529\">Landshut braucht eine echte Jugendherberge<\/a><\/div><\/li>\n<li><div class=\"upl-post-thumbnail\"><a class=\"fancybox\" rel=\"gallery8187\" href=\"https:\/\/gruene-fraktion.la\/?p=8187\"><img loading=\"lazy\" decoding=\"async\" width=\"75\" height=\"75\" src=\"https:\/\/gruene-fraktion.la\/wp-content\/uploads\/2022\/02\/Berberhilfe_1-150x150.png\" class=\"attachment-75x75 size-75x75 wp-post-image\" alt=\"\" srcset=\"https:\/\/gruene-fraktion.la\/wp-content\/uploads\/2022\/02\/Berberhilfe_1-150x150.png 150w, https:\/\/gruene-fraktion.la\/wp-content\/uploads\/2022\/02\/Berberhilfe_1-400x400.png 400w\" sizes=\"(max-width: 75px) 100vw, 75px\" title=\"Regine Key\u00dfner, Tobias Weger-Behl und Pascal Pohl mit der 1. Vorsitzenden\" \/><\/a><\/div><div class=\"upl-post-date\">Februar 22, 2022<\/div><div class=\"upl-post-title\"><a href=\"https:\/\/gruene-fraktion.la\/?p=8187\">&#8222;Die Berberhilfe hilft dort, wo viele wegschauen&#8220;.  Gr\u00fcne besuchen Vereinszentrale der Berberhilfe e.V.<\/a><\/div><\/li>\n<\/ul>\n<\/div>\n<\/div>\n\t\t\t\t\t\t<\/div>\n\t\t\t\t<\/div>\n\t\t\t\t\t<\/div>\n\t\t<\/div>\n\t\t\t\t\t<\/div>\n\t\t<\/section>\n\t\t\t\t<\/div>\n\t\t","protected":false},"excerpt":{"rendered":"<p>Wir Gr\u00fcne stehen f\u00fcr eine Stadtgesellschaft, die zusammenh\u00e4lt. Dazu geh\u00f6ren alle Menschen in Landshut, unabh\u00e4ngig von ihrem Alter oder Geschlecht, von ihrer Herkunft oder ihrem Geldbeutel. Wir setzen uns f\u00fcr&#8230; <\/p>\n","protected":false},"author":1,"featured_media":0,"parent":16,"menu_order":3,"comment_status":"closed","ping_status":"closed","template":"","meta":{"_eb_attr":"","footnotes":""},"class_list":["post-7338","page","type-page","status-publish","hentry"],"_links":{"self":[{"href":"https:\/\/gruene-fraktion.la\/index.php?rest_route=\/wp\/v2\/pages\/7338","targetHints":{"allow":["GET"]}}],"collection":[{"href":"https:\/\/gruene-fraktion.la\/index.php?rest_route=\/wp\/v2\/pages"}],"about":[{"href":"https:\/\/gruene-fraktion.la\/index.php?rest_route=\/wp\/v2\/types\/page"}],"author":[{"embeddable":true,"href":"https:\/\/gruene-fraktion.la\/index.php?rest_route=\/wp\/v2\/users\/1"}],"replies":[{"embeddable":true,"href":"https:\/\/gruene-fraktion.la\/index.php?rest_route=%2Fwp%2Fv2%2Fcomments&post=7338"}],"version-history":[{"count":3,"href":"https:\/\/gruene-fraktion.la\/index.php?rest_route=\/wp\/v2\/pages\/7338\/revisions"}],"predecessor-version":[{"id":7342,"href":"https:\/\/gruene-fraktion.la\/index.php?rest_route=\/wp\/v2\/pages\/7338\/revisions\/7342"}],"up":[{"embeddable":true,"href":"https:\/\/gruene-fraktion.la\/index.php?rest_route=\/wp\/v2\/pages\/16"}],"wp:attachment":[{"href":"https:\/\/gruene-fraktion.la\/index.php?rest_route=%2Fwp%2Fv2%2Fmedia&parent=7338"}],"curies":[{"name":"wp","href":"https:\/\/api.w.org\/{rel}","templated":true}]}}