{"id":7344,"date":"2020-02-18T14:17:11","date_gmt":"2020-02-18T14:17:11","guid":{"rendered":"https:\/\/xn--grne-fraktion-landshut-tlc.de\/?page_id=7344"},"modified":"2020-02-18T14:24:53","modified_gmt":"2020-02-18T14:24:53","slug":"bauen-und-stadtentwicklung","status":"publish","type":"page","link":"https:\/\/gruene-fraktion.la\/?page_id=7344","title":{"rendered":"Bauen und Stadtentwicklung"},"content":{"rendered":"\t\t<div data-elementor-type=\"wp-page\" data-elementor-id=\"7344\" class=\"elementor elementor-7344\">\n\t\t\t\t\t\t<section class=\"elementor-section elementor-top-section elementor-element elementor-element-513d280 elementor-section-boxed elementor-section-height-default elementor-section-height-default\" data-id=\"513d280\" data-element_type=\"section\" data-e-type=\"section\">\n\t\t\t\t\t\t<div class=\"elementor-container elementor-column-gap-default\">\n\t\t\t\t\t<div class=\"elementor-column elementor-col-100 elementor-top-column elementor-element elementor-element-964b904\" data-id=\"964b904\" data-element_type=\"column\" data-e-type=\"column\">\n\t\t\t<div class=\"elementor-widget-wrap elementor-element-populated\">\n\t\t\t\t\t\t<div class=\"elementor-element elementor-element-45224fe elementor-widget elementor-widget-image\" data-id=\"45224fe\" data-element_type=\"widget\" data-e-type=\"widget\" data-widget_type=\"image.default\">\n\t\t\t\t<div class=\"elementor-widget-container\">\n\t\t\t\t\t\t\t\t\t\t\t\t\t\t\t<img fetchpriority=\"high\" decoding=\"async\" width=\"783\" height=\"522\" src=\"https:\/\/gruene-fraktion.la\/wp-content\/uploads\/2020\/02\/Isargestade--800x533.jpg\" class=\"attachment-large size-large wp-image-41\" alt=\"\" srcset=\"https:\/\/gruene-fraktion.la\/wp-content\/uploads\/2020\/02\/Isargestade--800x533.jpg 800w, https:\/\/gruene-fraktion.la\/wp-content\/uploads\/2020\/02\/Isargestade--400x267.jpg 400w, https:\/\/gruene-fraktion.la\/wp-content\/uploads\/2020\/02\/Isargestade--768x512.jpg 768w, https:\/\/gruene-fraktion.la\/wp-content\/uploads\/2020\/02\/Isargestade--1536x1024.jpg 1536w, https:\/\/gruene-fraktion.la\/wp-content\/uploads\/2020\/02\/Isargestade--2048x1365.jpg 2048w, https:\/\/gruene-fraktion.la\/wp-content\/uploads\/2020\/02\/Isargestade--150x100.jpg 150w\" sizes=\"(max-width: 783px) 100vw, 783px\" title=\"Isargestade-\" \/>\t\t\t\t\t\t\t\t\t\t\t\t\t\t\t<\/div>\n\t\t\t\t<\/div>\n\t\t\t\t\t<\/div>\n\t\t<\/div>\n\t\t\t\t\t<\/div>\n\t\t<\/section>\n\t\t\t\t<section class=\"elementor-section elementor-top-section elementor-element elementor-element-1c98892 elementor-section-boxed elementor-section-height-default elementor-section-height-default\" data-id=\"1c98892\" data-element_type=\"section\" data-e-type=\"section\">\n\t\t\t\t\t\t<div class=\"elementor-container elementor-column-gap-default\">\n\t\t\t\t\t<div class=\"elementor-column elementor-col-100 elementor-top-column elementor-element elementor-element-285d4d4\" data-id=\"285d4d4\" data-element_type=\"column\" data-e-type=\"column\">\n\t\t\t<div class=\"elementor-widget-wrap elementor-element-populated\">\n\t\t\t\t\t\t<div class=\"elementor-element elementor-element-a51a6d1 elementor-widget elementor-widget-text-editor\" data-id=\"a51a6d1\" data-element_type=\"widget\" data-e-type=\"widget\" data-widget_type=\"text-editor.default\">\n\t\t\t\t<div class=\"elementor-widget-container\">\n\t\t\t\t\t\t\t\t\t<p><span style=\"color: #000000;\">Wir wollen gemeinsam mit Ihnen, den Landshuter B\u00fcrgerinnen und B\u00fcrgern, die st\u00e4dtebaulichen Herausforderungen der Zukunft meistern. Dabei soll nicht nur die einmalig sch\u00f6ne, historische Innenstadt bewahrt werden, wir wollen auch die Identit\u00e4ten der einzelnen Viertel weiterentwickeln. Lieblingsorte werden in allen Stadtteilen an \u00f6ffentlichen Pl\u00e4tzen entstehen und Orte der Begegnung und des sozialen Miteinanders sein.<\/span><\/p><p><span style=\"color: #000000;\">Gr\u00fcne Stadtplanung denkt nicht nur \u00f6kologisch sondern auch sozial:. Wir wollen Stadtplanung transparent machen und die B\u00fcrgerinnen und B\u00fcrger in alle Prozesse mitein beziehen. Landshut soll zu einer Stadt der kurzen Wege gemacht werden, in der es sich gut wohnen, arbeiten und leben l\u00e4sst.<\/span><\/p><p><span style=\"color: #000000;\">Konkret werden wir uns vor allem um den Stadtpark und die Isar k\u00fcmmern: Wir wollen den Stadtpark zum Erlebnis- und Erholungsort f\u00fcr Jung und Alt machen. Die Isar werden wir durch neue und verbesserte Zug\u00e4nge im Einklang mit der Natur erlebbar machen und Landshut somit zu einer echten Stadt am Fluss entwickeln.<\/span><\/p>\t\t\t\t\t\t\t\t<\/div>\n\t\t\t\t<\/div>\n\t\t\t\t\t<\/div>\n\t\t<\/div>\n\t\t\t\t\t<\/div>\n\t\t<\/section>\n\t\t\t\t<section class=\"elementor-section elementor-top-section elementor-element elementor-element-216a870 elementor-section-boxed elementor-section-height-default elementor-section-height-default\" data-id=\"216a870\" data-element_type=\"section\" data-e-type=\"section\">\n\t\t\t\t\t\t<div class=\"elementor-container elementor-column-gap-default\">\n\t\t\t\t\t<div class=\"elementor-column elementor-col-100 elementor-top-column elementor-element elementor-element-bd7a354\" data-id=\"bd7a354\" data-element_type=\"column\" data-e-type=\"column\">\n\t\t\t<div class=\"elementor-widget-wrap elementor-element-populated\">\n\t\t\t\t\t\t<div class=\"elementor-element elementor-element-f152663 elementor-widget elementor-widget-heading\" data-id=\"f152663\" data-element_type=\"widget\" data-e-type=\"widget\" data-widget_type=\"heading.default\">\n\t\t\t\t<div class=\"elementor-widget-container\">\n\t\t\t\t\t<h2 class=\"elementor-heading-title elementor-size-default\">Themenbezogene Beitr\u00e4ge:<\/h2>\t\t\t\t<\/div>\n\t\t\t\t<\/div>\n\t\t\t\t<div class=\"elementor-element elementor-element-215fe3a elementor-widget elementor-widget-shortcode\" data-id=\"215fe3a\" data-element_type=\"widget\" data-e-type=\"widget\" data-widget_type=\"shortcode.default\">\n\t\t\t\t<div class=\"elementor-widget-container\">\n\t\t\t\t\t\t\t<div class=\"elementor-shortcode\"><div id=\"upl-list-7347\" class=\"upl-list\">\n<ul>\n<li><div class=\"upl-post-thumbnail\"><a class=\"fancybox\" rel=\"gallery7970\" href=\"https:\/\/gruene-fraktion.la\/?p=10471\"><img decoding=\"async\" width=\"75\" height=\"75\" src=\"https:\/\/gruene-fraktion.la\/wp-content\/uploads\/2023\/12\/20190722_200422-150x150.jpg\" class=\"attachment-75x75 size-75x75 wp-post-image\" alt=\"\" srcset=\"https:\/\/gruene-fraktion.la\/wp-content\/uploads\/2023\/12\/20190722_200422-150x150.jpg 150w, https:\/\/gruene-fraktion.la\/wp-content\/uploads\/2023\/12\/20190722_200422-400x400.jpg 400w\" sizes=\"(max-width: 75px) 100vw, 75px\" title=\"20190722_200422\" \/><\/a><\/div><div class=\"upl-post-date\">Dezember 13, 2023<\/div><div class=\"upl-post-title\"><a href=\"https:\/\/gruene-fraktion.la\/?p=10471\">Erfrischung am Wasser<\/a><\/div><\/li>\n<li><div class=\"upl-post-thumbnail\"><a class=\"fancybox\" rel=\"gallery7970\" href=\"https:\/\/gruene-fraktion.la\/?p=10419\"><img decoding=\"async\" width=\"75\" height=\"75\" src=\"https:\/\/gruene-fraktion.la\/wp-content\/uploads\/2023\/05\/sturmvilla-stemmt-sich-dem-pro-150x150.png\" class=\"attachment-75x75 size-75x75 wp-post-image\" alt=\"\" srcset=\"https:\/\/gruene-fraktion.la\/wp-content\/uploads\/2023\/05\/sturmvilla-stemmt-sich-dem-pro-150x150.png 150w, https:\/\/gruene-fraktion.la\/wp-content\/uploads\/2023\/05\/sturmvilla-stemmt-sich-dem-pro-400x400.png 400w\" sizes=\"(max-width: 75px) 100vw, 75px\" title=\"sturmvilla-stemmt-sich-dem-pro\" \/><\/a><\/div><div class=\"upl-post-date\">Mai 10, 2023<\/div><div class=\"upl-post-title\"><a href=\"https:\/\/gruene-fraktion.la\/?p=10419\">Die Sturmvilla bleibt erhalten \u2013 Abrissklage vor Gericht abgewiesen<\/a><\/div><\/li>\n<li><div class=\"upl-post-thumbnail\"><a class=\"fancybox\" rel=\"gallery7970\" href=\"https:\/\/gruene-fraktion.la\/?p=10400\"><img loading=\"lazy\" decoding=\"async\" width=\"75\" height=\"75\" src=\"https:\/\/gruene-fraktion.la\/wp-content\/uploads\/2023\/04\/baugemeinschaften-sind-impulsg-150x150.png\" class=\"attachment-75x75 size-75x75 wp-post-image\" alt=\"\" srcset=\"https:\/\/gruene-fraktion.la\/wp-content\/uploads\/2023\/04\/baugemeinschaften-sind-impulsg-150x150.png 150w, https:\/\/gruene-fraktion.la\/wp-content\/uploads\/2023\/04\/baugemeinschaften-sind-impulsg-400x400.png 400w\" sizes=\"(max-width: 75px) 100vw, 75px\" title=\"baugemeinschaften-sind-impulsg\" \/><\/a><\/div><div class=\"upl-post-date\">April 24, 2023<\/div><div class=\"upl-post-title\"><a href=\"https:\/\/gruene-fraktion.la\/?p=10400\">Stadt soll verg\u00fcnstigte Fl\u00e4chen f\u00fcr Baugemeinschaften bereitstellen<\/a><\/div><\/li>\n<li><div class=\"upl-post-thumbnail\"><a class=\"fancybox\" rel=\"gallery7970\" href=\"https:\/\/gruene-fraktion.la\/?p=10258\"><img loading=\"lazy\" decoding=\"async\" width=\"75\" height=\"75\" src=\"https:\/\/gruene-fraktion.la\/wp-content\/uploads\/2023\/01\/IMG_20210919_134308-hell-150x150.jpg\" class=\"attachment-75x75 size-75x75 wp-post-image\" alt=\"\" srcset=\"https:\/\/gruene-fraktion.la\/wp-content\/uploads\/2023\/01\/IMG_20210919_134308-hell-150x150.jpg 150w, https:\/\/gruene-fraktion.la\/wp-content\/uploads\/2023\/01\/IMG_20210919_134308-hell-400x400.jpg 400w\" sizes=\"(max-width: 75px) 100vw, 75px\" title=\"IMG_20210919_134308-hell\" \/><\/a><\/div><div class=\"upl-post-date\">Januar 26, 2023<\/div><div class=\"upl-post-title\"><a href=\"https:\/\/gruene-fraktion.la\/?p=10258\">Ochsenau: Diese \u00f6kologisch wertvolle Fl\u00e4che gilt es zu sch\u00fctzen<\/a><\/div><\/li>\n<li><div class=\"upl-post-thumbnail\"><a class=\"fancybox\" rel=\"gallery7970\" href=\"https:\/\/gruene-fraktion.la\/?p=10179\"><img loading=\"lazy\" decoding=\"async\" width=\"75\" height=\"75\" src=\"https:\/\/gruene-fraktion.la\/wp-content\/uploads\/2022\/11\/diesen-ueberragend-wichtigen-b-150x150.png\" class=\"attachment-75x75 size-75x75 wp-post-image\" alt=\"\" srcset=\"https:\/\/gruene-fraktion.la\/wp-content\/uploads\/2022\/11\/diesen-ueberragend-wichtigen-b-150x150.png 150w, https:\/\/gruene-fraktion.la\/wp-content\/uploads\/2022\/11\/diesen-ueberragend-wichtigen-b-450x450.png 450w, https:\/\/gruene-fraktion.la\/wp-content\/uploads\/2022\/11\/diesen-ueberragend-wichtigen-b-400x400.png 400w\" sizes=\"(max-width: 75px) 100vw, 75px\" title=\"diesen-ueberragend-wichtigen-b\" \/><\/a><\/div><div class=\"upl-post-date\">November 17, 2022<\/div><div class=\"upl-post-title\"><a href=\"https:\/\/gruene-fraktion.la\/?p=10179\">Bismarckplatz: Gr\u00fcnen Innenhof mit seinem hochwertigen Baumbestand erhalten<\/a><\/div><\/li>\n<li><div class=\"upl-post-thumbnail\"><a class=\"fancybox\" rel=\"gallery7970\" href=\"https:\/\/gruene-fraktion.la\/?p=10115\"><img loading=\"lazy\" decoding=\"async\" width=\"75\" height=\"75\" src=\"https:\/\/gruene-fraktion.la\/wp-content\/uploads\/2022\/10\/hier-wird-der-weg-zur-hoechstp-150x150.png\" class=\"attachment-75x75 size-75x75 wp-post-image\" alt=\"\" srcset=\"https:\/\/gruene-fraktion.la\/wp-content\/uploads\/2022\/10\/hier-wird-der-weg-zur-hoechstp-150x150.png 150w, https:\/\/gruene-fraktion.la\/wp-content\/uploads\/2022\/10\/hier-wird-der-weg-zur-hoechstp-400x400.png 400w\" sizes=\"(max-width: 75px) 100vw, 75px\" title=\"hier-wird-der-weg-zur-hoechstp\" \/><\/a><\/div><div class=\"upl-post-date\">Oktober 7, 2022<\/div><div class=\"upl-post-title\"><a href=\"https:\/\/gruene-fraktion.la\/?p=10115\">Ein Jammer, wie mit der Martinsschule umgegangen wird<\/a><\/div><\/li>\n<li><div class=\"upl-post-thumbnail\"><a class=\"fancybox\" rel=\"gallery7970\" href=\"https:\/\/gruene-fraktion.la\/?p=10107\"><img loading=\"lazy\" decoding=\"async\" width=\"75\" height=\"75\" src=\"https:\/\/gruene-fraktion.la\/wp-content\/uploads\/2022\/10\/bebauung-obere-liebenau-150x150.png\" class=\"attachment-75x75 size-75x75 wp-post-image\" alt=\"\" srcset=\"https:\/\/gruene-fraktion.la\/wp-content\/uploads\/2022\/10\/bebauung-obere-liebenau-150x150.png 150w, https:\/\/gruene-fraktion.la\/wp-content\/uploads\/2022\/10\/bebauung-obere-liebenau-400x400.png 400w\" sizes=\"(max-width: 75px) 100vw, 75px\" title=\"bebauung-obere-liebenau\" \/><\/a><\/div><div class=\"upl-post-date\">Oktober 6, 2022<\/div><div class=\"upl-post-title\"><a href=\"https:\/\/gruene-fraktion.la\/?p=10107\">Klimagerechtes Bauen &#8211; Wann endlich denkt Landshut um?<\/a><\/div><\/li>\n<li><div class=\"upl-post-thumbnail\"><a class=\"fancybox\" rel=\"gallery7970\" href=\"https:\/\/gruene-fraktion.la\/?p=10100\"><img loading=\"lazy\" decoding=\"async\" width=\"75\" height=\"75\" src=\"https:\/\/gruene-fraktion.la\/wp-content\/uploads\/2022\/10\/stadtwerkstatt-landshut-150x150.png\" class=\"attachment-75x75 size-75x75 wp-post-image\" alt=\"\" srcset=\"https:\/\/gruene-fraktion.la\/wp-content\/uploads\/2022\/10\/stadtwerkstatt-landshut-150x150.png 150w, https:\/\/gruene-fraktion.la\/wp-content\/uploads\/2022\/10\/stadtwerkstatt-landshut-400x400.png 400w\" sizes=\"(max-width: 75px) 100vw, 75px\" title=\"stadtwerkstatt-landshut\" \/><\/a><\/div><div class=\"upl-post-date\">Oktober 5, 2022<\/div><div class=\"upl-post-title\"><a href=\"https:\/\/gruene-fraktion.la\/?p=10100\">Gemeinsam Landshut weiterdenken<\/a><\/div><\/li>\n<li><div class=\"upl-post-thumbnail\"><a class=\"fancybox\" rel=\"gallery7970\" href=\"https:\/\/gruene-fraktion.la\/?p=10024\"><img loading=\"lazy\" decoding=\"async\" width=\"75\" height=\"75\" src=\"https:\/\/gruene-fraktion.la\/wp-content\/uploads\/2022\/09\/stadtwerkstatt-allgemein-profilbild-150x150.png\" class=\"attachment-75x75 size-75x75 wp-post-image\" alt=\"\" srcset=\"https:\/\/gruene-fraktion.la\/wp-content\/uploads\/2022\/09\/stadtwerkstatt-allgemein-profilbild-150x150.png 150w, https:\/\/gruene-fraktion.la\/wp-content\/uploads\/2022\/09\/stadtwerkstatt-allgemein-profilbild-400x400.png 400w, https:\/\/gruene-fraktion.la\/wp-content\/uploads\/2022\/09\/stadtwerkstatt-allgemein-profilbild.png 500w\" sizes=\"(max-width: 75px) 100vw, 75px\" title=\"stadtwerkstatt-allgemein-profilbild\" \/><\/a><\/div><div class=\"upl-post-date\">September 12, 2022<\/div><div class=\"upl-post-title\"><a href=\"https:\/\/gruene-fraktion.la\/?p=10024\">Stadtwerkstatt Landshut \u2013 Zukunftsdialog<\/a><\/div><\/li>\n<li><div class=\"upl-post-thumbnail\"><a class=\"fancybox\" rel=\"gallery7970\" href=\"https:\/\/gruene-fraktion.la\/?p=9948\"><img loading=\"lazy\" decoding=\"async\" width=\"75\" height=\"75\" src=\"https:\/\/gruene-fraktion.la\/wp-content\/uploads\/2022\/07\/stadtwerkstatt-instagram-bild2-150x150.png\" class=\"attachment-75x75 size-75x75 wp-post-image\" alt=\"\" srcset=\"https:\/\/gruene-fraktion.la\/wp-content\/uploads\/2022\/07\/stadtwerkstatt-instagram-bild2-150x150.png 150w, https:\/\/gruene-fraktion.la\/wp-content\/uploads\/2022\/07\/stadtwerkstatt-instagram-bild2-400x400.png 400w\" sizes=\"(max-width: 75px) 100vw, 75px\" title=\"stadtwerkstatt-instagram-bild2\" \/><\/a><\/div><div class=\"upl-post-date\">Juli 15, 2022<\/div><div class=\"upl-post-title\"><a href=\"https:\/\/gruene-fraktion.la\/?p=9948\">Mitmach-Infostand zur Stadtentwicklung<\/a><\/div><\/li>\n<li><div class=\"upl-post-thumbnail\"><a class=\"fancybox\" rel=\"gallery7970\" href=\"https:\/\/gruene-fraktion.la\/?p=9849\"><img loading=\"lazy\" decoding=\"async\" width=\"75\" height=\"75\" src=\"https:\/\/gruene-fraktion.la\/wp-content\/uploads\/2022\/06\/LSG_Rosental-150x150.png\" class=\"attachment-75x75 size-75x75 wp-post-image\" alt=\"\" srcset=\"https:\/\/gruene-fraktion.la\/wp-content\/uploads\/2022\/06\/LSG_Rosental-150x150.png 150w, https:\/\/gruene-fraktion.la\/wp-content\/uploads\/2022\/06\/LSG_Rosental-400x400.png 400w\" sizes=\"(max-width: 75px) 100vw, 75px\" title=\"LSG_Rosental\" \/><\/a><\/div><div class=\"upl-post-date\">Juni 17, 2022<\/div><div class=\"upl-post-title\"><a href=\"https:\/\/gruene-fraktion.la\/?p=9849\">Klimabebauungsplan darf Ausweisung zum Landschaftsschutzgebiet nicht gef\u00e4hrden<\/a><\/div><\/li>\n<li><div class=\"upl-post-thumbnail\"><a class=\"fancybox\" rel=\"gallery7970\" href=\"https:\/\/gruene-fraktion.la\/?p=9786\"><img loading=\"lazy\" decoding=\"async\" width=\"75\" height=\"75\" src=\"https:\/\/gruene-fraktion.la\/wp-content\/uploads\/2022\/05\/denkmal-und-klimaschutz-zusamm-150x150.png\" class=\"attachment-75x75 size-75x75 wp-post-image\" alt=\"\" srcset=\"https:\/\/gruene-fraktion.la\/wp-content\/uploads\/2022\/05\/denkmal-und-klimaschutz-zusamm-150x150.png 150w, https:\/\/gruene-fraktion.la\/wp-content\/uploads\/2022\/05\/denkmal-und-klimaschutz-zusamm-400x400.png 400w\" sizes=\"(max-width: 75px) 100vw, 75px\" title=\"denkmal-und-klimaschutz-zusamm\" \/><\/a><\/div><div class=\"upl-post-date\">Mai 13, 2022<\/div><div class=\"upl-post-title\"><a href=\"https:\/\/gruene-fraktion.la\/?p=9786\">Denkmalschutz und Energiewende in Einklang bringen<\/a><\/div><\/li>\n<li><div class=\"upl-post-thumbnail\"><a class=\"fancybox\" rel=\"gallery7970\" href=\"https:\/\/gruene-fraktion.la\/?p=9720\"><img loading=\"lazy\" decoding=\"async\" width=\"75\" height=\"75\" src=\"https:\/\/gruene-fraktion.la\/wp-content\/uploads\/2022\/05\/wir-muessen-bei-der-waermewend-1-150x150.png\" class=\"attachment-75x75 size-75x75 wp-post-image\" alt=\"\" srcset=\"https:\/\/gruene-fraktion.la\/wp-content\/uploads\/2022\/05\/wir-muessen-bei-der-waermewend-1-150x150.png 150w, https:\/\/gruene-fraktion.la\/wp-content\/uploads\/2022\/05\/wir-muessen-bei-der-waermewend-1-400x400.png 400w\" sizes=\"(max-width: 75px) 100vw, 75px\" title=\"wir-muessen-bei-der-waermewend\" \/><\/a><\/div><div class=\"upl-post-date\">Mai 8, 2022<\/div><div class=\"upl-post-title\"><a href=\"https:\/\/gruene-fraktion.la\/?p=9720\">Mit einem W\u00e4rmeplan in eine saubere Zukunft<\/a><\/div><\/li>\n<li><div class=\"upl-post-thumbnail\"><a class=\"fancybox\" rel=\"gallery7970\" href=\"https:\/\/gruene-fraktion.la\/?p=9221\"><img loading=\"lazy\" decoding=\"async\" width=\"75\" height=\"75\" src=\"https:\/\/gruene-fraktion.la\/wp-content\/uploads\/2022\/04\/stadttheater-150x150.png\" class=\"attachment-75x75 size-75x75 wp-post-image\" alt=\"\" srcset=\"https:\/\/gruene-fraktion.la\/wp-content\/uploads\/2022\/04\/stadttheater-150x150.png 150w, https:\/\/gruene-fraktion.la\/wp-content\/uploads\/2022\/04\/stadttheater-400x400.png 400w\" sizes=\"(max-width: 75px) 100vw, 75px\" title=\"stadttheater\" \/><\/a><\/div><div class=\"upl-post-date\">April 6, 2022<\/div><div class=\"upl-post-title\"><a href=\"https:\/\/gruene-fraktion.la\/?p=9221\">Stadttheater Landshut: Das Schlimmste verhindert, aber nicht das Beste erreicht<\/a><\/div><\/li>\n<li><div class=\"upl-post-thumbnail\"><a class=\"fancybox\" rel=\"gallery7970\" href=\"https:\/\/gruene-fraktion.la\/?p=9152\"><img loading=\"lazy\" decoding=\"async\" width=\"75\" height=\"75\" src=\"https:\/\/gruene-fraktion.la\/wp-content\/uploads\/2022\/03\/IMG_3737-4-150x150.jpg\" class=\"attachment-75x75 size-75x75 wp-post-image\" alt=\"\" srcset=\"https:\/\/gruene-fraktion.la\/wp-content\/uploads\/2022\/03\/IMG_3737-4-150x150.jpg 150w, https:\/\/gruene-fraktion.la\/wp-content\/uploads\/2022\/03\/IMG_3737-4-400x400.jpg 400w\" sizes=\"(max-width: 75px) 100vw, 75px\" title=\"IMG_3737 (4)\" \/><\/a><\/div><div class=\"upl-post-date\">M\u00e4rz 9, 2022<\/div><div class=\"upl-post-title\"><a href=\"https:\/\/gruene-fraktion.la\/?p=9152\">Der Zukunftsplan f\u00fcr Landshut &#8211; Wie wir morgen leben wollen<\/a><\/div><\/li>\n<li><div class=\"upl-post-date\">Januar 20, 2022<\/div><div class=\"upl-post-title\"><a href=\"https:\/\/gruene-fraktion.la\/?p=8017\">Berichtsantrag Sachstandsbericht zu den Stellplatzm\u00f6glichkeiten auf dem DRV-Areal<\/a><\/div><\/li>\n<li><div class=\"upl-post-date\">November 16, 2021<\/div><div class=\"upl-post-title\"><a href=\"https:\/\/gruene-fraktion.la\/?p=7973\">Antrag Aufstellung eines Bebauungsplans f\u00fcr einen Teilbereich im Nikolaviertel<\/a><\/div><\/li>\n<li><div class=\"upl-post-date\">November 16, 2021<\/div><div class=\"upl-post-title\"><a href=\"https:\/\/gruene-fraktion.la\/?p=7970\">Nachpr\u00fcfungsantrag zu Top 3 &#8222;Teilr\u00fcckbau und Sanierung des Bestands auf dem Grundst\u00fcck Papiererstra\u00dfe 23&#8220; im Bausenat vom 22.10.21<\/a><\/div><\/li>\n<\/ul>\n<\/div>\n<\/div>\n\t\t\t\t\t\t<\/div>\n\t\t\t\t<\/div>\n\t\t\t\t\t<\/div>\n\t\t<\/div>\n\t\t\t\t\t<\/div>\n\t\t<\/section>\n\t\t\t\t<\/div>\n\t\t","protected":false},"excerpt":{"rendered":"<p>Wir wollen gemeinsam mit Ihnen, den Landshuter B\u00fcrgerinnen und B\u00fcrgern, die st\u00e4dtebaulichen Herausforderungen der Zukunft meistern. Dabei soll nicht nur die einmalig sch\u00f6ne, historische Innenstadt bewahrt werden, wir wollen auch&#8230; <\/p>\n","protected":false},"author":1,"featured_media":0,"parent":16,"menu_order":4,"comment_status":"closed","ping_status":"closed","template":"","meta":{"_eb_attr":"","footnotes":""},"class_list":["post-7344","page","type-page","status-publish","hentry"],"_links":{"self":[{"href":"https:\/\/gruene-fraktion.la\/index.php?rest_route=\/wp\/v2\/pages\/7344","targetHints":{"allow":["GET"]}}],"collection":[{"href":"https:\/\/gruene-fraktion.la\/index.php?rest_route=\/wp\/v2\/pages"}],"about":[{"href":"https:\/\/gruene-fraktion.la\/index.php?rest_route=\/wp\/v2\/types\/page"}],"author":[{"embeddable":true,"href":"https:\/\/gruene-fraktion.la\/index.php?rest_route=\/wp\/v2\/users\/1"}],"replies":[{"embeddable":true,"href":"https:\/\/gruene-fraktion.la\/index.php?rest_route=%2Fwp%2Fv2%2Fcomments&post=7344"}],"version-history":[{"count":2,"href":"https:\/\/gruene-fraktion.la\/index.php?rest_route=\/wp\/v2\/pages\/7344\/revisions"}],"predecessor-version":[{"id":7348,"href":"https:\/\/gruene-fraktion.la\/index.php?rest_route=\/wp\/v2\/pages\/7344\/revisions\/7348"}],"up":[{"embeddable":true,"href":"https:\/\/gruene-fraktion.la\/index.php?rest_route=\/wp\/v2\/pages\/16"}],"wp:attachment":[{"href":"https:\/\/gruene-fraktion.la\/index.php?rest_route=%2Fwp%2Fv2%2Fmedia&parent=7344"}],"curies":[{"name":"wp","href":"https:\/\/api.w.org\/{rel}","templated":true}]}}