{"id":7349,"date":"2020-02-18T14:25:35","date_gmt":"2020-02-18T14:25:35","guid":{"rendered":"https:\/\/xn--grne-fraktion-landshut-tlc.de\/?page_id=7349"},"modified":"2020-02-18T14:29:12","modified_gmt":"2020-02-18T14:29:12","slug":"wirtschaft-und-finanzen","status":"publish","type":"page","link":"https:\/\/gruene-fraktion.la\/?page_id=7349","title":{"rendered":"Wirtschaft und Finanzen"},"content":{"rendered":"\t\t<div data-elementor-type=\"wp-page\" data-elementor-id=\"7349\" class=\"elementor elementor-7349\">\n\t\t\t\t\t\t<section class=\"elementor-section elementor-top-section elementor-element elementor-element-513d280 elementor-section-boxed elementor-section-height-default elementor-section-height-default\" data-id=\"513d280\" data-element_type=\"section\" data-e-type=\"section\">\n\t\t\t\t\t\t<div class=\"elementor-container elementor-column-gap-default\">\n\t\t\t\t\t<div class=\"elementor-column elementor-col-100 elementor-top-column elementor-element elementor-element-964b904\" data-id=\"964b904\" data-element_type=\"column\" data-e-type=\"column\">\n\t\t\t<div class=\"elementor-widget-wrap elementor-element-populated\">\n\t\t\t\t\t\t<div class=\"elementor-element elementor-element-45224fe elementor-widget elementor-widget-image\" data-id=\"45224fe\" data-element_type=\"widget\" data-e-type=\"widget\" data-widget_type=\"image.default\">\n\t\t\t\t<div class=\"elementor-widget-container\">\n\t\t\t\t\t\t\t\t\t\t\t\t\t\t\t<img fetchpriority=\"high\" decoding=\"async\" width=\"783\" height=\"522\" src=\"https:\/\/gruene-fraktion.la\/wp-content\/uploads\/2020\/02\/Schirmgasse-465-800x533.jpg\" class=\"attachment-large size-large wp-image-43\" alt=\"\" srcset=\"https:\/\/gruene-fraktion.la\/wp-content\/uploads\/2020\/02\/Schirmgasse-465-800x533.jpg 800w, https:\/\/gruene-fraktion.la\/wp-content\/uploads\/2020\/02\/Schirmgasse-465-400x267.jpg 400w, https:\/\/gruene-fraktion.la\/wp-content\/uploads\/2020\/02\/Schirmgasse-465-768x512.jpg 768w, https:\/\/gruene-fraktion.la\/wp-content\/uploads\/2020\/02\/Schirmgasse-465-1536x1024.jpg 1536w, https:\/\/gruene-fraktion.la\/wp-content\/uploads\/2020\/02\/Schirmgasse-465-2048x1365.jpg 2048w, https:\/\/gruene-fraktion.la\/wp-content\/uploads\/2020\/02\/Schirmgasse-465-150x100.jpg 150w\" sizes=\"(max-width: 783px) 100vw, 783px\" title=\"Schirmgasse-465\" \/>\t\t\t\t\t\t\t\t\t\t\t\t\t\t\t<\/div>\n\t\t\t\t<\/div>\n\t\t\t\t\t<\/div>\n\t\t<\/div>\n\t\t\t\t\t<\/div>\n\t\t<\/section>\n\t\t\t\t<section class=\"elementor-section elementor-top-section elementor-element elementor-element-1c98892 elementor-section-boxed elementor-section-height-default elementor-section-height-default\" data-id=\"1c98892\" data-element_type=\"section\" data-e-type=\"section\">\n\t\t\t\t\t\t<div class=\"elementor-container elementor-column-gap-default\">\n\t\t\t\t\t<div class=\"elementor-column elementor-col-100 elementor-top-column elementor-element elementor-element-285d4d4\" data-id=\"285d4d4\" data-element_type=\"column\" data-e-type=\"column\">\n\t\t\t<div class=\"elementor-widget-wrap elementor-element-populated\">\n\t\t\t\t\t\t<div class=\"elementor-element elementor-element-a51a6d1 elementor-widget elementor-widget-text-editor\" data-id=\"a51a6d1\" data-element_type=\"widget\" data-e-type=\"widget\" data-widget_type=\"text-editor.default\">\n\t\t\t\t<div class=\"elementor-widget-container\">\n\t\t\t\t\t\t\t\t\t<p><span style=\"color: #000000;\">Gr\u00fcne Wirtschaftspolitik denkt \u00d6konomie und \u00d6kologie zusammen. <\/span><br \/><span style=\"color: #000000;\">Wir setzen auf eine ressourcensparende Produktionsweise und eine fl\u00e4chensparende Ansiedlung von Betrieben. Das in der Stadt vorhandene Potential wollen wir besser nutzen und die Vernetzung von Wirtschaft und Hochschule vorantreiben sowie junge Talente und Start-Ups f\u00f6rdern. Wir setzen uns f\u00fcr eine engere Kooperation mit dem Landkreis ein, damit das Wachstum der ganzen Region zu Gute kommt.<\/span><\/p><p><span style=\"color: #000000;\">Den Einzelhandel in der Innenstadt werden wir durch ein effektives Stadt- und Citymarketing noch besser aufstellen, aber auch die wohnortnahe Versorgung in allen Stadtvierteln sicherstellen. Durch die F\u00f6rderung von nachhaltigem Tourismus wollen wir die Sch\u00f6nheit unserer Stadt auch \u00fcberregional bekannter machen. Daf\u00fcr werden wir klare Zust\u00e4ndigkeiten in der Stadtverwaltung schaffen.<strong><br \/><\/strong><\/span><\/p>\t\t\t\t\t\t\t\t<\/div>\n\t\t\t\t<\/div>\n\t\t\t\t\t<\/div>\n\t\t<\/div>\n\t\t\t\t\t<\/div>\n\t\t<\/section>\n\t\t\t\t<section class=\"elementor-section elementor-top-section elementor-element elementor-element-216a870 elementor-section-boxed elementor-section-height-default elementor-section-height-default\" data-id=\"216a870\" data-element_type=\"section\" data-e-type=\"section\">\n\t\t\t\t\t\t<div class=\"elementor-container elementor-column-gap-default\">\n\t\t\t\t\t<div class=\"elementor-column elementor-col-100 elementor-top-column elementor-element elementor-element-bd7a354\" data-id=\"bd7a354\" data-element_type=\"column\" data-e-type=\"column\">\n\t\t\t<div class=\"elementor-widget-wrap elementor-element-populated\">\n\t\t\t\t\t\t<div class=\"elementor-element elementor-element-f152663 elementor-widget elementor-widget-heading\" data-id=\"f152663\" data-element_type=\"widget\" data-e-type=\"widget\" data-widget_type=\"heading.default\">\n\t\t\t\t<div class=\"elementor-widget-container\">\n\t\t\t\t\t<h2 class=\"elementor-heading-title elementor-size-default\">Themenbezogene Beitr\u00e4ge:<\/h2>\t\t\t\t<\/div>\n\t\t\t\t<\/div>\n\t\t\t\t<div class=\"elementor-element elementor-element-215fe3a elementor-widget elementor-widget-shortcode\" data-id=\"215fe3a\" data-element_type=\"widget\" data-e-type=\"widget\" data-widget_type=\"shortcode.default\">\n\t\t\t\t<div class=\"elementor-widget-container\">\n\t\t\t\t\t\t\t<div class=\"elementor-shortcode\"><div id=\"upl-list-7351\" class=\"upl-list\">\n<ul>\n<li><div class=\"upl-post-thumbnail\"><a class=\"fancybox\" rel=\"gallery8008\" href=\"https:\/\/gruene-fraktion.la\/?p=10614\"><img decoding=\"async\" width=\"75\" height=\"75\" src=\"https:\/\/gruene-fraktion.la\/wp-content\/uploads\/2026\/02\/fotoblend-banknotes-7850299_1280_Haushalt-150x150.jpg\" class=\"attachment-75x75 size-75x75 wp-post-image\" alt=\"\" srcset=\"https:\/\/gruene-fraktion.la\/wp-content\/uploads\/2026\/02\/fotoblend-banknotes-7850299_1280_Haushalt-150x150.jpg 150w, https:\/\/gruene-fraktion.la\/wp-content\/uploads\/2026\/02\/fotoblend-banknotes-7850299_1280_Haushalt-400x400.jpg 400w\" sizes=\"(max-width: 75px) 100vw, 75px\" title=\"fotoblend-banknotes-7850299_1280_Haushalt\" \/><\/a><\/div><div class=\"upl-post-date\">Februar 12, 2026<\/div><div class=\"upl-post-title\"><a href=\"https:\/\/gruene-fraktion.la\/?p=10614\">Aktueller Stand: Antr\u00e4ge zum Haushaltsplenum<\/a><\/div><\/li>\n<li><div class=\"upl-post-thumbnail\"><a class=\"fancybox\" rel=\"gallery8008\" href=\"https:\/\/gruene-fraktion.la\/?p=10309\"><img decoding=\"async\" width=\"75\" height=\"75\" src=\"https:\/\/gruene-fraktion.la\/wp-content\/uploads\/2023\/03\/VideoCapture_20230312-131916-150x150.jpg\" class=\"attachment-75x75 size-75x75 wp-post-image\" alt=\"\" srcset=\"https:\/\/gruene-fraktion.la\/wp-content\/uploads\/2023\/03\/VideoCapture_20230312-131916-150x150.jpg 150w, https:\/\/gruene-fraktion.la\/wp-content\/uploads\/2023\/03\/VideoCapture_20230312-131916-400x400.jpg 400w\" sizes=\"(max-width: 75px) 100vw, 75px\" title=\"VideoCapture_20230312-131916\" \/><\/a><\/div><div class=\"upl-post-date\">M\u00e4rz 13, 2023<\/div><div class=\"upl-post-title\"><a href=\"https:\/\/gruene-fraktion.la\/?p=10309\">Gr\u00fcne lehnen Haushalt 2023 ab: \u201eKlimaschutz auf Sparflamme und eine autozentrierte Mobilit\u00e4tspolitik tragen wir nicht mit\u201c<\/a><\/div><\/li>\n<li><div class=\"upl-post-thumbnail\"><a class=\"fancybox\" rel=\"gallery8008\" href=\"https:\/\/gruene-fraktion.la\/?p=10304\"><img loading=\"lazy\" decoding=\"async\" width=\"75\" height=\"75\" src=\"https:\/\/gruene-fraktion.la\/wp-content\/uploads\/2023\/03\/es-wird-zeit-dass-alle-demokra-150x150.png\" class=\"attachment-75x75 size-75x75 wp-post-image\" alt=\"\" srcset=\"https:\/\/gruene-fraktion.la\/wp-content\/uploads\/2023\/03\/es-wird-zeit-dass-alle-demokra-150x150.png 150w, https:\/\/gruene-fraktion.la\/wp-content\/uploads\/2023\/03\/es-wird-zeit-dass-alle-demokra-400x400.png 400w\" sizes=\"(max-width: 75px) 100vw, 75px\" title=\"es-wird-zeit-dass-alle-demokra\" \/><\/a><\/div><div class=\"upl-post-date\">M\u00e4rz 13, 2023<\/div><div class=\"upl-post-title\"><a href=\"https:\/\/gruene-fraktion.la\/?p=10304\">AfD-Fraktion im Landshuter Stadtrat l\u00e4sst ihre Maske fallen<\/a><\/div><\/li>\n<li><div class=\"upl-post-thumbnail\"><a class=\"fancybox\" rel=\"gallery8008\" href=\"https:\/\/gruene-fraktion.la\/?p=10300\"><img loading=\"lazy\" decoding=\"async\" width=\"75\" height=\"75\" src=\"https:\/\/gruene-fraktion.la\/wp-content\/uploads\/2023\/03\/haushalt-2023-150x150.png\" class=\"attachment-75x75 size-75x75 wp-post-image\" alt=\"\" srcset=\"https:\/\/gruene-fraktion.la\/wp-content\/uploads\/2023\/03\/haushalt-2023-150x150.png 150w, https:\/\/gruene-fraktion.la\/wp-content\/uploads\/2023\/03\/haushalt-2023-400x400.png 400w\" sizes=\"(max-width: 75px) 100vw, 75px\" title=\"haushalt-2023\" \/><\/a><\/div><div class=\"upl-post-date\">M\u00e4rz 13, 2023<\/div><div class=\"upl-post-title\"><a href=\"https:\/\/gruene-fraktion.la\/?p=10300\">Klimaschutz &#8211; Mobilit\u00e4tswende &#8211; Kita-Ausbau<\/a><\/div><\/li>\n<li><div class=\"upl-post-thumbnail\"><a class=\"fancybox\" rel=\"gallery8008\" href=\"https:\/\/gruene-fraktion.la\/?p=9221\"><img loading=\"lazy\" decoding=\"async\" width=\"75\" height=\"75\" src=\"https:\/\/gruene-fraktion.la\/wp-content\/uploads\/2022\/04\/stadttheater-150x150.png\" class=\"attachment-75x75 size-75x75 wp-post-image\" alt=\"\" srcset=\"https:\/\/gruene-fraktion.la\/wp-content\/uploads\/2022\/04\/stadttheater-150x150.png 150w, https:\/\/gruene-fraktion.la\/wp-content\/uploads\/2022\/04\/stadttheater-400x400.png 400w\" sizes=\"(max-width: 75px) 100vw, 75px\" title=\"stadttheater\" \/><\/a><\/div><div class=\"upl-post-date\">April 6, 2022<\/div><div class=\"upl-post-title\"><a href=\"https:\/\/gruene-fraktion.la\/?p=9221\">Stadttheater Landshut: Das Schlimmste verhindert, aber nicht das Beste erreicht<\/a><\/div><\/li>\n<li><div class=\"upl-post-thumbnail\"><a class=\"fancybox\" rel=\"gallery8008\" href=\"https:\/\/gruene-fraktion.la\/?p=9211\"><img loading=\"lazy\" decoding=\"async\" width=\"75\" height=\"75\" src=\"https:\/\/gruene-fraktion.la\/wp-content\/uploads\/2022\/02\/Stefan_Gruber_Foto-150x150.jpg\" class=\"attachment-75x75 size-75x75 wp-post-image\" alt=\"\" srcset=\"https:\/\/gruene-fraktion.la\/wp-content\/uploads\/2022\/02\/Stefan_Gruber_Foto-150x150.jpg 150w, https:\/\/gruene-fraktion.la\/wp-content\/uploads\/2022\/02\/Stefan_Gruber_Foto-400x400.jpg 400w\" sizes=\"(max-width: 75px) 100vw, 75px\" title=\"Stefan Gruber\" \/><\/a><\/div><div class=\"upl-post-date\">April 1, 2022<\/div><div class=\"upl-post-title\"><a href=\"https:\/\/gruene-fraktion.la\/?p=9211\">Gr\u00fcne lehnen Haushalt 2022 ab<\/a><\/div><\/li>\n<li><div class=\"upl-post-thumbnail\"><a class=\"fancybox\" rel=\"gallery8008\" href=\"https:\/\/gruene-fraktion.la\/?p=8168\"><img loading=\"lazy\" decoding=\"async\" width=\"75\" height=\"75\" src=\"https:\/\/gruene-fraktion.la\/wp-content\/uploads\/2022\/02\/haushalt-2022-allgemein-profilbild-150x150.png\" class=\"attachment-75x75 size-75x75 wp-post-image\" alt=\"\" srcset=\"https:\/\/gruene-fraktion.la\/wp-content\/uploads\/2022\/02\/haushalt-2022-allgemein-profilbild-150x150.png 150w, https:\/\/gruene-fraktion.la\/wp-content\/uploads\/2022\/02\/haushalt-2022-allgemein-profilbild-400x400.png 400w, https:\/\/gruene-fraktion.la\/wp-content\/uploads\/2022\/02\/haushalt-2022-allgemein-profilbild.png 500w\" sizes=\"(max-width: 75px) 100vw, 75px\" title=\"haushalt-2022-allgemein-profilbild\" \/><\/a><\/div><div class=\"upl-post-date\">Februar 20, 2022<\/div><div class=\"upl-post-title\"><a href=\"https:\/\/gruene-fraktion.la\/?p=8168\">Wir brauchen einen Haushalt mit Weitblick f\u00fcr eine klimafreundliche und lebenswerte Zukunft in Landshut<\/a><\/div><\/li>\n<li><div class=\"upl-post-date\">Februar 17, 2022<\/div><div class=\"upl-post-title\"><a href=\"https:\/\/gruene-fraktion.la\/?p=8163\">HH-Antrag Weiterbau des LANDSHUTmuseums<\/a><\/div><\/li>\n<li><div class=\"upl-post-date\">Januar 21, 2022<\/div><div class=\"upl-post-title\"><a href=\"https:\/\/gruene-fraktion.la\/?p=8020\">HH-Antrag zum Stellenplan 2022 &#8211; Schaffung einer Stelle im Bereich Radverkehrsplanung und Fahrrad-Infrastruktur<\/a><\/div><\/li>\n<li><div class=\"upl-post-date\">Januar 18, 2022<\/div><div class=\"upl-post-title\"><a href=\"https:\/\/gruene-fraktion.la\/?p=8014\">HH-Antrag zum Stellenplan 2022 &#8211; Schaffung einer Stabsstelle &#8222;Klimaschutz und Klimaanpassung&#8220;<\/a><\/div><\/li>\n<li><div class=\"upl-post-date\">Januar 18, 2022<\/div><div class=\"upl-post-title\"><a href=\"https:\/\/gruene-fraktion.la\/?p=8008\">HH-Antrag zum Stellenplan 2022 &#8211; Schaffung einer Planstelle &#8222;Kulturreferent*in&#8220;<\/a><\/div><\/li>\n<\/ul>\n<\/div>\n<\/div>\n\t\t\t\t\t\t<\/div>\n\t\t\t\t<\/div>\n\t\t\t\t\t<\/div>\n\t\t<\/div>\n\t\t\t\t\t<\/div>\n\t\t<\/section>\n\t\t\t\t<\/div>\n\t\t","protected":false},"excerpt":{"rendered":"<p>Gr\u00fcne Wirtschaftspolitik denkt \u00d6konomie und \u00d6kologie zusammen. Wir setzen auf eine ressourcensparende Produktionsweise und eine fl\u00e4chensparende Ansiedlung von Betrieben. Das in der Stadt vorhandene Potential wollen wir besser nutzen und&#8230; <\/p>\n","protected":false},"author":1,"featured_media":0,"parent":16,"menu_order":5,"comment_status":"closed","ping_status":"closed","template":"","meta":{"_eb_attr":"","footnotes":""},"class_list":["post-7349","page","type-page","status-publish","hentry"],"_links":{"self":[{"href":"https:\/\/gruene-fraktion.la\/index.php?rest_route=\/wp\/v2\/pages\/7349","targetHints":{"allow":["GET"]}}],"collection":[{"href":"https:\/\/gruene-fraktion.la\/index.php?rest_route=\/wp\/v2\/pages"}],"about":[{"href":"https:\/\/gruene-fraktion.la\/index.php?rest_route=\/wp\/v2\/types\/page"}],"author":[{"embeddable":true,"href":"https:\/\/gruene-fraktion.la\/index.php?rest_route=\/wp\/v2\/users\/1"}],"replies":[{"embeddable":true,"href":"https:\/\/gruene-fraktion.la\/index.php?rest_route=%2Fwp%2Fv2%2Fcomments&post=7349"}],"version-history":[{"count":2,"href":"https:\/\/gruene-fraktion.la\/index.php?rest_route=\/wp\/v2\/pages\/7349\/revisions"}],"predecessor-version":[{"id":7353,"href":"https:\/\/gruene-fraktion.la\/index.php?rest_route=\/wp\/v2\/pages\/7349\/revisions\/7353"}],"up":[{"embeddable":true,"href":"https:\/\/gruene-fraktion.la\/index.php?rest_route=\/wp\/v2\/pages\/16"}],"wp:attachment":[{"href":"https:\/\/gruene-fraktion.la\/index.php?rest_route=%2Fwp%2Fv2%2Fmedia&parent=7349"}],"curies":[{"name":"wp","href":"https:\/\/api.w.org\/{rel}","templated":true}]}}