{"id":7382,"date":"2020-02-19T09:24:19","date_gmt":"2020-02-19T09:24:19","guid":{"rendered":"https:\/\/xn--grne-fraktion-landshut-tlc.de\/?page_id=7382"},"modified":"2020-06-04T08:53:56","modified_gmt":"2020-06-04T08:53:56","slug":"stefan-gruber","status":"publish","type":"page","link":"https:\/\/gruene-fraktion.la\/?page_id=7382","title":{"rendered":"Stefan Gruber"},"content":{"rendered":"\t\t<div data-elementor-type=\"wp-page\" data-elementor-id=\"7382\" class=\"elementor elementor-7382\">\n\t\t\t\t\t\t<section class=\"elementor-section elementor-top-section elementor-element elementor-element-fb10da9 elementor-section-boxed elementor-section-height-default elementor-section-height-default\" data-id=\"fb10da9\" data-element_type=\"section\" data-e-type=\"section\">\n\t\t\t\t\t\t<div class=\"elementor-container elementor-column-gap-default\">\n\t\t\t\t\t<div class=\"elementor-column elementor-col-50 elementor-top-column elementor-element elementor-element-d6248cb\" data-id=\"d6248cb\" data-element_type=\"column\" data-e-type=\"column\">\n\t\t\t<div class=\"elementor-widget-wrap elementor-element-populated\">\n\t\t\t\t\t\t<div class=\"elementor-element elementor-element-c8af9e7 elementor-widget elementor-widget-image\" data-id=\"c8af9e7\" data-element_type=\"widget\" data-e-type=\"widget\" data-widget_type=\"image.default\">\n\t\t\t\t<div class=\"elementor-widget-container\">\n\t\t\t\t\t\t\t\t\t\t\t\t\t\t\t<img decoding=\"async\" src=\"https:\/\/gruene-fraktion.la\/wp-content\/uploads\/elementor\/thumbs\/2_Gruber_Flyer-scaled-olcsr8sydct60x1ljvu53lkbl3kiy3cxvqlvrtsnlc.jpg\" title=\"Stefan Gruber\" alt=\"Stefan Gruber\" loading=\"lazy\" \/>\t\t\t\t\t\t\t\t\t\t\t\t\t\t\t<\/div>\n\t\t\t\t<\/div>\n\t\t\t\t\t<\/div>\n\t\t<\/div>\n\t\t\t\t<div class=\"elementor-column elementor-col-50 elementor-top-column elementor-element elementor-element-f3a6b6b\" data-id=\"f3a6b6b\" data-element_type=\"column\" data-e-type=\"column\">\n\t\t\t<div class=\"elementor-widget-wrap elementor-element-populated\">\n\t\t\t\t\t\t<div class=\"elementor-element elementor-element-f16d1fe elementor-widget elementor-widget-text-editor\" data-id=\"f16d1fe\" data-element_type=\"widget\" data-e-type=\"widget\" data-widget_type=\"text-editor.default\">\n\t\t\t\t<div class=\"elementor-widget-container\">\n\t\t\t\t\t\t\t\t\t<p style=\"text-align: left;\"><em>&#8222;Ich setze mich in meiner Heimatstadt Landshut f\u00fcr ein faires Miteinander ein. Die Zukunft will ich auch weiterhin mit leidenschaftlichem Engagement mitgestalten.&#8220;<\/em><\/p>\t\t\t\t\t\t\t\t<\/div>\n\t\t\t\t<\/div>\n\t\t\t\t\t<\/div>\n\t\t<\/div>\n\t\t\t\t\t<\/div>\n\t\t<\/section>\n\t\t\t\t<section class=\"elementor-section elementor-top-section elementor-element elementor-element-119f45b elementor-section-boxed elementor-section-height-default elementor-section-height-default\" data-id=\"119f45b\" data-element_type=\"section\" data-e-type=\"section\">\n\t\t\t\t\t\t<div class=\"elementor-container elementor-column-gap-default\">\n\t\t\t\t\t<div class=\"elementor-column elementor-col-100 elementor-top-column elementor-element elementor-element-c289cca\" data-id=\"c289cca\" data-element_type=\"column\" data-e-type=\"column\">\n\t\t\t<div class=\"elementor-widget-wrap elementor-element-populated\">\n\t\t\t\t\t\t<div class=\"elementor-element elementor-element-56b8277 elementor-widget elementor-widget-text-editor\" data-id=\"56b8277\" data-element_type=\"widget\" data-e-type=\"widget\" data-widget_type=\"text-editor.default\">\n\t\t\t\t<div class=\"elementor-widget-container\">\n\t\t\t\t\t\t\t\t\t<p><span style=\"color: #000000;\">Stefan Gruber ist in Landshut geboren und aufgewachsen. Nach einigen berufsbedingten Aufenthalten in anderen St\u00e4dten ist er im Jahr 1999 in seine Heimatstadt zur\u00fcckgekehrt. Da er schon seit seiner Jugendzeit ehrenamtlich aktiv war, musste er nicht lange \u00fcberlegen, ob er den Vorsitz des Stadtjugendring Landshut im Jahr 2000 \u00fcbernimmt.<\/span><\/p><p><span style=\"color: #000000;\">In seiner Zeit als Jugendringvorsitzender hatte Stefan Gruber viele Ber\u00fchrungspunkte mit der Kommunalpolitik.\u00a0 Die daraus resultierenden Erfahrungen und positiven Erlebnisse sind zur Begeisterung geworden, was eine Kandidatur in der Stadtrat zur Folge hatte. Aber auch au\u00dferhalb der parteipolitischen Arbeit engagiert er sich in der Stadt Landshut. So setzt sich Stefan Gruber stets f\u00fcr die Arbeit gegen Rechtsextremismus ein. Denn seiner Meinung nach ist Extremismus in jeglicher Form, welcher das Ziel hat, die Demokratie und den Rechtsstaat zu schw\u00e4chen oder zu gef\u00e4hrden, abzulehnen und zu bek\u00e4mpfen.<\/span><\/p><p><span style=\"color: #000000;\">F\u00fcr seine politische Arbeit hat er f\u00fcr sich den Leitspruch gew\u00e4hlt: \u201eIm politischen Umfeld t\u00e4tig zu sein, bedeutet f\u00fcr mich geradlinige Sachpolitik zu betreiben und sich nicht in pers\u00f6nlichen Auseinandersetzungen zu zerreiben.\u201c<\/span><\/p><p><span style=\"color: #000000;\">Funktionen im Zusammenhang mit der Stadtratsarbeit:<\/span><\/p><ul><li><span style=\"color: #000000;\">Fraktionsvorsitzender<\/span><\/li><li><span style=\"color: #000000;\">Mitglied im \u00c4ltestenrat<\/span><\/li><li><span style=\"color: #000000;\">Mitglied im Haushaltsausschuss<\/span><\/li><li><span style=\"color: #000000;\">Mitglied im Hauptausschuss<\/span><\/li><li><span style=\"color: #000000;\">Mitglied im Rechnungspr\u00fcfungsausschuss<\/span><\/li><li><span style=\"color: #000000;\">Mitglied im Feriensenat<br \/><\/span><\/li><li><span style=\"color: #000000;\">Mitglied im Finanz- und Wirtschaftsausschuss<\/span><\/li><li><span style=\"color: #000000;\">Mitglied im Senat f\u00fcr Messe, M\u00e4rkte und Dulten<br \/><\/span><\/li><\/ul><div>\u00a0<\/div><div>\u00a0<\/div>\t\t\t\t\t\t\t\t<\/div>\n\t\t\t\t<\/div>\n\t\t\t\t\t<\/div>\n\t\t<\/div>\n\t\t\t\t\t<\/div>\n\t\t<\/section>\n\t\t\t\t<section class=\"elementor-section elementor-top-section elementor-element elementor-element-2a01898 elementor-section-boxed elementor-section-height-default elementor-section-height-default\" data-id=\"2a01898\" data-element_type=\"section\" data-e-type=\"section\">\n\t\t\t\t\t\t<div class=\"elementor-container elementor-column-gap-default\">\n\t\t\t\t\t<div class=\"elementor-column elementor-col-100 elementor-top-column elementor-element elementor-element-ee64eaa\" data-id=\"ee64eaa\" data-element_type=\"column\" data-e-type=\"column\">\n\t\t\t<div class=\"elementor-widget-wrap elementor-element-populated\">\n\t\t\t\t\t\t<div class=\"elementor-element elementor-element-0582ff1 elementor-widget elementor-widget-text-editor\" data-id=\"0582ff1\" data-element_type=\"widget\" data-e-type=\"widget\" data-widget_type=\"text-editor.default\">\n\t\t\t\t<div class=\"elementor-widget-container\">\n\t\t\t\t\t\t\t\t\t<p><span style=\"color: #000000;\"><strong>Kontakt:<\/strong> <a href=\"mailto:Stefan.Gruber@gruene-fraktion.la\">Stefan.Gruber@gruene-fraktion.la<\/a><\/span><\/p>\t\t\t\t\t\t\t\t<\/div>\n\t\t\t\t<\/div>\n\t\t\t\t\t<\/div>\n\t\t<\/div>\n\t\t\t\t\t<\/div>\n\t\t<\/section>\n\t\t\t\t<\/div>\n\t\t","protected":false},"excerpt":{"rendered":"<p>&#8222;Ich setze mich in meiner Heimatstadt Landshut f\u00fcr ein faires Miteinander ein. Die Zukunft will ich auch weiterhin mit leidenschaftlichem Engagement mitgestalten.&#8220; Stefan Gruber ist in Landshut geboren und aufgewachsen&#8230;. <\/p>\n","protected":false},"author":1,"featured_media":0,"parent":12,"menu_order":1,"comment_status":"closed","ping_status":"closed","template":"","meta":{"_eb_attr":"","footnotes":""},"class_list":["post-7382","page","type-page","status-publish","hentry"],"_links":{"self":[{"href":"https:\/\/gruene-fraktion.la\/index.php?rest_route=\/wp\/v2\/pages\/7382","targetHints":{"allow":["GET"]}}],"collection":[{"href":"https:\/\/gruene-fraktion.la\/index.php?rest_route=\/wp\/v2\/pages"}],"about":[{"href":"https:\/\/gruene-fraktion.la\/index.php?rest_route=\/wp\/v2\/types\/page"}],"author":[{"embeddable":true,"href":"https:\/\/gruene-fraktion.la\/index.php?rest_route=\/wp\/v2\/users\/1"}],"replies":[{"embeddable":true,"href":"https:\/\/gruene-fraktion.la\/index.php?rest_route=%2Fwp%2Fv2%2Fcomments&post=7382"}],"version-history":[{"count":14,"href":"https:\/\/gruene-fraktion.la\/index.php?rest_route=\/wp\/v2\/pages\/7382\/revisions"}],"predecessor-version":[{"id":7645,"href":"https:\/\/gruene-fraktion.la\/index.php?rest_route=\/wp\/v2\/pages\/7382\/revisions\/7645"}],"up":[{"embeddable":true,"href":"https:\/\/gruene-fraktion.la\/index.php?rest_route=\/wp\/v2\/pages\/12"}],"wp:attachment":[{"href":"https:\/\/gruene-fraktion.la\/index.php?rest_route=%2Fwp%2Fv2%2Fmedia&parent=7382"}],"curies":[{"name":"wp","href":"https:\/\/api.w.org\/{rel}","templated":true}]}}