{"id":7466,"date":"2020-05-11T10:49:42","date_gmt":"2020-05-11T10:49:42","guid":{"rendered":"https:\/\/xn--grne-fraktion-landshut-tlc.de\/?page_id=7466"},"modified":"2020-06-04T08:58:22","modified_gmt":"2020-06-04T08:58:22","slug":"christoph-rabl","status":"publish","type":"page","link":"https:\/\/gruene-fraktion.la\/?page_id=7466","title":{"rendered":"Christoph Rabl"},"content":{"rendered":"\t\t<div data-elementor-type=\"wp-page\" data-elementor-id=\"7466\" class=\"elementor elementor-7466\">\n\t\t\t\t\t\t<section class=\"elementor-section elementor-top-section elementor-element elementor-element-91f818f elementor-section-boxed elementor-section-height-default elementor-section-height-default\" data-id=\"91f818f\" data-element_type=\"section\" data-e-type=\"section\">\n\t\t\t\t\t\t<div class=\"elementor-container elementor-column-gap-default\">\n\t\t\t\t\t<div class=\"elementor-column elementor-col-50 elementor-top-column elementor-element elementor-element-0ac3af6\" data-id=\"0ac3af6\" data-element_type=\"column\" data-e-type=\"column\">\n\t\t\t<div class=\"elementor-widget-wrap elementor-element-populated\">\n\t\t\t\t\t\t<div class=\"elementor-element elementor-element-f359f83 elementor-widget elementor-widget-image\" data-id=\"f359f83\" data-element_type=\"widget\" data-e-type=\"widget\" data-widget_type=\"image.default\">\n\t\t\t\t<div class=\"elementor-widget-container\">\n\t\t\t\t\t\t\t\t\t\t\t\t\t\t\t<img fetchpriority=\"high\" decoding=\"async\" width=\"783\" height=\"587\" src=\"https:\/\/gruene-fraktion.la\/wp-content\/uploads\/2020\/05\/6_Rabl_Flyer-800x600.jpg\" class=\"attachment-large size-large wp-image-7477\" alt=\"\" srcset=\"https:\/\/gruene-fraktion.la\/wp-content\/uploads\/2020\/05\/6_Rabl_Flyer-800x600.jpg 800w, https:\/\/gruene-fraktion.la\/wp-content\/uploads\/2020\/05\/6_Rabl_Flyer-400x300.jpg 400w, https:\/\/gruene-fraktion.la\/wp-content\/uploads\/2020\/05\/6_Rabl_Flyer-768x576.jpg 768w, https:\/\/gruene-fraktion.la\/wp-content\/uploads\/2020\/05\/6_Rabl_Flyer-1536x1152.jpg 1536w, https:\/\/gruene-fraktion.la\/wp-content\/uploads\/2020\/05\/6_Rabl_Flyer-2048x1536.jpg 2048w, https:\/\/gruene-fraktion.la\/wp-content\/uploads\/2020\/05\/6_Rabl_Flyer-150x113.jpg 150w\" sizes=\"(max-width: 783px) 100vw, 783px\" title=\"Christoph Rabl\" \/>\t\t\t\t\t\t\t\t\t\t\t\t\t\t\t<\/div>\n\t\t\t\t<\/div>\n\t\t\t\t\t<\/div>\n\t\t<\/div>\n\t\t\t\t<div class=\"elementor-column elementor-col-50 elementor-top-column elementor-element elementor-element-d30e2c3\" data-id=\"d30e2c3\" data-element_type=\"column\" data-e-type=\"column\">\n\t\t\t<div class=\"elementor-widget-wrap elementor-element-populated\">\n\t\t\t\t\t\t<div class=\"elementor-element elementor-element-b6ec3c5 elementor-widget elementor-widget-text-editor\" data-id=\"b6ec3c5\" data-element_type=\"widget\" data-e-type=\"widget\" data-widget_type=\"text-editor.default\">\n\t\t\t\t<div class=\"elementor-widget-container\">\n\t\t\t\t\t\t\t\t\t<p><em>&#8222;Miteinander &#8211; Die Stadt von morgen wird heute gemacht: nachhaltig, klimaangepasst, bezahlbar, gleichberechtigt, nach vorne schauend.&#8220;<\/em><\/p>\t\t\t\t\t\t\t\t<\/div>\n\t\t\t\t<\/div>\n\t\t\t\t\t<\/div>\n\t\t<\/div>\n\t\t\t\t\t<\/div>\n\t\t<\/section>\n\t\t\t\t<section class=\"elementor-section elementor-top-section elementor-element elementor-element-05db133 elementor-section-boxed elementor-section-height-default elementor-section-height-default\" data-id=\"05db133\" data-element_type=\"section\" data-e-type=\"section\">\n\t\t\t\t\t\t<div class=\"elementor-container elementor-column-gap-default\">\n\t\t\t\t\t<div class=\"elementor-column elementor-col-100 elementor-top-column elementor-element elementor-element-7053d15\" data-id=\"7053d15\" data-element_type=\"column\" data-e-type=\"column\">\n\t\t\t<div class=\"elementor-widget-wrap elementor-element-populated\">\n\t\t\t\t\t\t<div class=\"elementor-element elementor-element-8da0ad5 elementor-widget elementor-widget-text-editor\" data-id=\"8da0ad5\" data-element_type=\"widget\" data-e-type=\"widget\" data-widget_type=\"text-editor.default\">\n\t\t\t\t<div class=\"elementor-widget-container\">\n\t\t\t\t\t\t\t\t\t<p><span style=\"color: #000000;\">\u201eIm \u00f6ffentlichen Raum findet die B\u00fcrgerschaft ihren Entfaltungsraum und Ausdruck. Lebenswerte und erlebnisreiche Natur- und Freir\u00e4ume, Stra\u00dfen und Pl\u00e4tze sind die Grundlagen einer urbanen Stadtgesellschaft.<\/span><\/p><p><span style=\"color: #000000;\">Eine selbstbewusste, partizipative Planungskultur, die Klimawandel und Klimaanpassung selbstverst\u00e4ndlich mitdenkt und fl\u00e4chensparendes, bezahlbares, gemeinschaftliches Bauen und Wohnen im Fokus hat, sind die Ziele f\u00fcr unserer Stadtentwicklung. Moderne Naherholungsangebote f\u00fcr alle B\u00fcrger im ganzen Stadtgebiet und Landshut als eine wirkliche \u201eStadt am Fluss\u201c entwickeln, daf\u00fcr setzte ich mich ein.\u201c<\/span><\/p><p><span style=\"color: #000000;\">Christoph Rabl, Landschaftsarchitekt und ausgebildeter Staudeng\u00e4rtner, ist seit 2018 im Arbeitskreis Stadtentwicklung B\u00fcndnis 90\/Die Gr\u00fcnen t\u00e4tig und ist seit Mitte 2019 dessen Sprecher. Geboren 1972 in M\u00fcnchen, lebt Christoph Rabl, Vater von zwei Kindern, seit 2001 in Landshut.<\/span><\/p><p><span style=\"color: #000000;\">Funktionen im Zusammenhang mit der Stadtratsarbeit:<\/span><\/p><ul><li><span style=\"color: #000000;\">Mitglied im Bausenat<\/span><\/li><li><span style=\"color: #000000;\">Mitglied im Liegenschaftssenat<\/span><\/li><\/ul><p><span style=\"color: #000000;\">\u00a0<\/span><\/p>\t\t\t\t\t\t\t\t<\/div>\n\t\t\t\t<\/div>\n\t\t\t\t\t<\/div>\n\t\t<\/div>\n\t\t\t\t\t<\/div>\n\t\t<\/section>\n\t\t\t\t<section class=\"elementor-section elementor-top-section elementor-element elementor-element-44547b6 elementor-section-boxed elementor-section-height-default elementor-section-height-default\" data-id=\"44547b6\" data-element_type=\"section\" data-e-type=\"section\">\n\t\t\t\t\t\t<div class=\"elementor-container elementor-column-gap-default\">\n\t\t\t\t\t<div class=\"elementor-column elementor-col-100 elementor-top-column elementor-element elementor-element-8707153\" data-id=\"8707153\" data-element_type=\"column\" data-e-type=\"column\">\n\t\t\t<div class=\"elementor-widget-wrap elementor-element-populated\">\n\t\t\t\t\t\t<div class=\"elementor-element elementor-element-f369f88 elementor-widget elementor-widget-text-editor\" data-id=\"f369f88\" data-element_type=\"widget\" data-e-type=\"widget\" data-widget_type=\"text-editor.default\">\n\t\t\t\t<div class=\"elementor-widget-container\">\n\t\t\t\t\t\t\t\t\t<p><span style=\"color: #000000;\"><strong>Kontakt: <\/strong><a href=\"mailto:Christoph.Rabl@gruene-fraktion.la\">Christoph.Rabl@gruene-fraktion.la<\/a><\/span><\/p>\t\t\t\t\t\t\t\t<\/div>\n\t\t\t\t<\/div>\n\t\t\t\t\t<\/div>\n\t\t<\/div>\n\t\t\t\t\t<\/div>\n\t\t<\/section>\n\t\t\t\t<\/div>\n\t\t","protected":false},"excerpt":{"rendered":"<p>&#8222;Miteinander &#8211; Die Stadt von morgen wird heute gemacht: nachhaltig, klimaangepasst, bezahlbar, gleichberechtigt, nach vorne schauend.&#8220; \u201eIm \u00f6ffentlichen Raum findet die B\u00fcrgerschaft ihren Entfaltungsraum und Ausdruck. Lebenswerte und erlebnisreiche Natur-&#8230; <\/p>\n","protected":false},"author":1,"featured_media":0,"parent":12,"menu_order":8,"comment_status":"closed","ping_status":"closed","template":"","meta":{"_eb_attr":"","footnotes":""},"class_list":["post-7466","page","type-page","status-publish","hentry"],"_links":{"self":[{"href":"https:\/\/gruene-fraktion.la\/index.php?rest_route=\/wp\/v2\/pages\/7466","targetHints":{"allow":["GET"]}}],"collection":[{"href":"https:\/\/gruene-fraktion.la\/index.php?rest_route=\/wp\/v2\/pages"}],"about":[{"href":"https:\/\/gruene-fraktion.la\/index.php?rest_route=\/wp\/v2\/types\/page"}],"author":[{"embeddable":true,"href":"https:\/\/gruene-fraktion.la\/index.php?rest_route=\/wp\/v2\/users\/1"}],"replies":[{"embeddable":true,"href":"https:\/\/gruene-fraktion.la\/index.php?rest_route=%2Fwp%2Fv2%2Fcomments&post=7466"}],"version-history":[{"count":11,"href":"https:\/\/gruene-fraktion.la\/index.php?rest_route=\/wp\/v2\/pages\/7466\/revisions"}],"predecessor-version":[{"id":7657,"href":"https:\/\/gruene-fraktion.la\/index.php?rest_route=\/wp\/v2\/pages\/7466\/revisions\/7657"}],"up":[{"embeddable":true,"href":"https:\/\/gruene-fraktion.la\/index.php?rest_route=\/wp\/v2\/pages\/12"}],"wp:attachment":[{"href":"https:\/\/gruene-fraktion.la\/index.php?rest_route=%2Fwp%2Fv2%2Fmedia&parent=7466"}],"curies":[{"name":"wp","href":"https:\/\/api.w.org\/{rel}","templated":true}]}}

<div data-elementor-type="wp-page" data-elementor-id="7466" class="elementor elementor-7466">
						<section class="elementor-section elementor-top-section elementor-element elementor-element-91f818f elementor-section-boxed elementor-section-height-default elementor-section-height-default" data-id="91f818f" data-element_type="section" data-e-type="section">
						<div class="elementor-container elementor-column-gap-default">
					<div class="elementor-column elementor-col-50 elementor-top-column elementor-element elementor-element-0ac3af6" data-id="0ac3af6" data-element_type="column" data-e-type="column">
			<div class="elementor-widget-wrap elementor-element-populated">
						<div class="elementor-element elementor-element-f359f83 elementor-widget elementor-widget-image" data-id="f359f83" data-element_type="widget" data-e-type="widget" data-widget_type="image.default">
				<div class="elementor-widget-container">
															<img fetchpriority="high" decoding="async" width="783" height="587" src="https://gruene-fraktion.la/wp-content/uploads/2020/05/6_Rabl_Flyer-800x600.jpg" class="attachment-large size-large wp-image-7477" alt="" srcset="https://gruene-fraktion.la/wp-content/uploads/2020/05/6_Rabl_Flyer-800x600.jpg 800w, https://gruene-fraktion.la/wp-content/uploads/2020/05/6_Rabl_Flyer-400x300.jpg 400w, https://gruene-fraktion.la/wp-content/uploads/2020/05/6_Rabl_Flyer-768x576.jpg 768w, https://gruene-fraktion.la/wp-content/uploads/2020/05/6_Rabl_Flyer-1536x1152.jpg 1536w, https://gruene-fraktion.la/wp-content/uploads/2020/05/6_Rabl_Flyer-2048x1536.jpg 2048w, https://gruene-fraktion.la/wp-content/uploads/2020/05/6_Rabl_Flyer-150x113.jpg 150w" sizes="(max-width: 783px) 100vw, 783px" title="Christoph Rabl" />															</div>
				</div>
					</div>
		</div>
				<div class="elementor-column elementor-col-50 elementor-top-column elementor-element elementor-element-d30e2c3" data-id="d30e2c3" data-element_type="column" data-e-type="column">
			<div class="elementor-widget-wrap elementor-element-populated">
						<div class="elementor-element elementor-element-b6ec3c5 elementor-widget elementor-widget-text-editor" data-id="b6ec3c5" data-element_type="widget" data-e-type="widget" data-widget_type="text-editor.default">
				<div class="elementor-widget-container">
									<p><em>&#8222;Miteinander &#8211; Die Stadt von morgen wird heute gemacht: nachhaltig, klimaangepasst, bezahlbar, gleichberechtigt, nach vorne schauend.&#8220;</em></p>								</div>
				</div>
					</div>
		</div>
					</div>
		</section>
				<section class="elementor-section elementor-top-section elementor-element elementor-element-05db133 elementor-section-boxed elementor-section-height-default elementor-section-height-default" data-id="05db133" data-element_type="section" data-e-type="section">
						<div class="elementor-container elementor-column-gap-default">
					<div class="elementor-column elementor-col-100 elementor-top-column elementor-element elementor-element-7053d15" data-id="7053d15" data-element_type="column" data-e-type="column">
			<div class="elementor-widget-wrap elementor-element-populated">
						<div class="elementor-element elementor-element-8da0ad5 elementor-widget elementor-widget-text-editor" data-id="8da0ad5" data-element_type="widget" data-e-type="widget" data-widget_type="text-editor.default">
				<div class="elementor-widget-container">
									<p><span style="color: #000000;">„Im öffentlichen Raum findet die Bürgerschaft ihren Entfaltungsraum und Ausdruck. Lebenswerte und erlebnisreiche Natur- und Freiräume, Straßen und Plätze sind die Grundlagen einer urbanen Stadtgesellschaft.</span></p><p><span style="color: #000000;">Eine selbstbewusste, partizipative Planungskultur, die Klimawandel und Klimaanpassung selbstverständlich mitdenkt und flächensparendes, bezahlbares, gemeinschaftliches Bauen und Wohnen im Fokus hat, sind die Ziele für unserer Stadtentwicklung. Moderne Naherholungsangebote für alle Bürger im ganzen Stadtgebiet und Landshut als eine wirkliche „Stadt am Fluss“ entwickeln, dafür setzte ich mich ein.“</span></p><p><span style="color: #000000;">Christoph Rabl, Landschaftsarchitekt und ausgebildeter Staudengärtner, ist seit 2018 im Arbeitskreis Stadtentwicklung Bündnis 90/Die Grünen tätig und ist seit Mitte 2019 dessen Sprecher. Geboren 1972 in München, lebt Christoph Rabl, Vater von zwei Kindern, seit 2001 in Landshut.</span></p><p><span style="color: #000000;">Funktionen im Zusammenhang mit der Stadtratsarbeit:</span></p><ul><li><span style="color: #000000;">Mitglied im Bausenat</span></li><li><span style="color: #000000;">Mitglied im Liegenschaftssenat</span></li></ul><p><span style="color: #000000;"> </span></p>								</div>
				</div>
					</div>
		</div>
					</div>
		</section>
				<section class="elementor-section elementor-top-section elementor-element elementor-element-44547b6 elementor-section-boxed elementor-section-height-default elementor-section-height-default" data-id="44547b6" data-element_type="section" data-e-type="section">
						<div class="elementor-container elementor-column-gap-default">
					<div class="elementor-column elementor-col-100 elementor-top-column elementor-element elementor-element-8707153" data-id="8707153" data-element_type="column" data-e-type="column">
			<div class="elementor-widget-wrap elementor-element-populated">
						<div class="elementor-element elementor-element-f369f88 elementor-widget elementor-widget-text-editor" data-id="f369f88" data-element_type="widget" data-e-type="widget" data-widget_type="text-editor.default">
				<div class="elementor-widget-container">
									<p><span style="color: #000000;"><strong>Kontakt: </strong><a href="mailto:Christoph.Rabl@gruene-fraktion.la">Christoph.Rabl@gruene-fraktion.la</a></span></p>								</div>
				</div>
					</div>
		</div>
					</div>
		</section>
				</div>

<p>&#8222;Miteinander &#8211; Die Stadt von morgen wird heute gemacht: nachhaltig, klimaangepasst, bezahlbar, gleichberechtigt, nach vorne schauend.&#8220; „Im öffentlichen Raum findet die Bürgerschaft ihren Entfaltungsraum und Ausdruck. Lebenswerte und erlebnisreiche Natur-&#8230; </p>
