{"id":7470,"date":"2020-05-11T10:51:00","date_gmt":"2020-05-11T10:51:00","guid":{"rendered":"https:\/\/xn--grne-fraktion-landshut-tlc.de\/?page_id=7470"},"modified":"2020-06-16T09:53:35","modified_gmt":"2020-06-16T09:53:35","slug":"pascal-pohl","status":"publish","type":"page","link":"https:\/\/gruene-fraktion.la\/?page_id=7470","title":{"rendered":"Pascal Pohl"},"content":{"rendered":"\t\t<div data-elementor-type=\"wp-page\" data-elementor-id=\"7470\" class=\"elementor elementor-7470\">\n\t\t\t\t\t\t<section class=\"elementor-section elementor-top-section elementor-element elementor-element-91f818f elementor-section-boxed elementor-section-height-default elementor-section-height-default\" data-id=\"91f818f\" data-element_type=\"section\" data-e-type=\"section\">\n\t\t\t\t\t\t<div class=\"elementor-container elementor-column-gap-default\">\n\t\t\t\t\t<div class=\"elementor-column elementor-col-50 elementor-top-column elementor-element elementor-element-0ac3af6\" data-id=\"0ac3af6\" data-element_type=\"column\" data-e-type=\"column\">\n\t\t\t<div class=\"elementor-widget-wrap elementor-element-populated\">\n\t\t\t\t\t\t<div class=\"elementor-element elementor-element-f359f83 elementor-widget elementor-widget-image\" data-id=\"f359f83\" data-element_type=\"widget\" data-e-type=\"widget\" data-widget_type=\"image.default\">\n\t\t\t\t<div class=\"elementor-widget-container\">\n\t\t\t\t\t\t\t\t\t\t\t\t\t\t\t<img fetchpriority=\"high\" decoding=\"async\" width=\"783\" height=\"587\" src=\"https:\/\/gruene-fraktion.la\/wp-content\/uploads\/2020\/05\/4_Pohl_Flyer-800x600.jpg\" class=\"attachment-large size-large wp-image-7481\" alt=\"\" srcset=\"https:\/\/gruene-fraktion.la\/wp-content\/uploads\/2020\/05\/4_Pohl_Flyer-800x600.jpg 800w, https:\/\/gruene-fraktion.la\/wp-content\/uploads\/2020\/05\/4_Pohl_Flyer-400x300.jpg 400w, https:\/\/gruene-fraktion.la\/wp-content\/uploads\/2020\/05\/4_Pohl_Flyer-768x576.jpg 768w, https:\/\/gruene-fraktion.la\/wp-content\/uploads\/2020\/05\/4_Pohl_Flyer-1536x1152.jpg 1536w, https:\/\/gruene-fraktion.la\/wp-content\/uploads\/2020\/05\/4_Pohl_Flyer-2048x1536.jpg 2048w, https:\/\/gruene-fraktion.la\/wp-content\/uploads\/2020\/05\/4_Pohl_Flyer-150x112.jpg 150w\" sizes=\"(max-width: 783px) 100vw, 783px\" title=\"Pascal Pohl\" \/>\t\t\t\t\t\t\t\t\t\t\t\t\t\t\t<\/div>\n\t\t\t\t<\/div>\n\t\t\t\t\t<\/div>\n\t\t<\/div>\n\t\t\t\t<div class=\"elementor-column elementor-col-50 elementor-top-column elementor-element elementor-element-26881e2\" data-id=\"26881e2\" data-element_type=\"column\" data-e-type=\"column\">\n\t\t\t<div class=\"elementor-widget-wrap elementor-element-populated\">\n\t\t\t\t\t\t<div class=\"elementor-element elementor-element-236091b elementor-widget elementor-widget-text-editor\" data-id=\"236091b\" data-element_type=\"widget\" data-e-type=\"widget\" data-widget_type=\"text-editor.default\">\n\t\t\t\t<div class=\"elementor-widget-container\">\n\t\t\t\t\t\t\t\t\t<p><em>&#8222;Landshut braucht junge Ideen! Ich setze mich ein f\u00fcr eine lebendige Stadtgesellschaft mit Freir\u00e4umen f\u00fcr Kreativit\u00e4t, Kunst und alternative Kultur.&#8220;<\/em><\/p>\t\t\t\t\t\t\t\t<\/div>\n\t\t\t\t<\/div>\n\t\t\t\t\t<\/div>\n\t\t<\/div>\n\t\t\t\t\t<\/div>\n\t\t<\/section>\n\t\t\t\t<section class=\"elementor-section elementor-top-section elementor-element elementor-element-e913962 elementor-section-boxed elementor-section-height-default elementor-section-height-default\" data-id=\"e913962\" data-element_type=\"section\" data-e-type=\"section\">\n\t\t\t\t\t\t<div class=\"elementor-container elementor-column-gap-default\">\n\t\t\t\t\t<div class=\"elementor-column elementor-col-100 elementor-top-column elementor-element elementor-element-1b847ee\" data-id=\"1b847ee\" data-element_type=\"column\" data-e-type=\"column\">\n\t\t\t<div class=\"elementor-widget-wrap elementor-element-populated\">\n\t\t\t\t\t\t<div class=\"elementor-element elementor-element-4a5956f elementor-widget elementor-widget-text-editor\" data-id=\"4a5956f\" data-element_type=\"widget\" data-e-type=\"widget\" data-widget_type=\"text-editor.default\">\n\t\t\t\t<div class=\"elementor-widget-container\">\n\t\t\t\t\t\t\t\t\t<p><span style=\"color: #000000;\">Pascal Pohl liegen besonders die Themen Jugend, Kultur und Bildung am Herzen: \u201eEtwa ein Drittel der Landshuter B\u00fcrger*innen sind j\u00fcnger als 30. Ich m\u00f6chte ihnen eine Stimme geben und ihre Anliegen in den Stadtrat bringen.\u201c<\/span><\/p><p><span style=\"color: #000000;\">Es braucht vor allem ein breites und attraktives Angebot an Jugendkultur sowie kulturelle und k\u00fcnstlerische Freir\u00e4ume, die von allen genutzt werden k\u00f6nnen: \u201eGerade f\u00fcr junge Menschen sind Orte ohne Konsumzwang essentiell, um sich zu treffen, Sport zu machen oder kreativ zu sein Leider gibt es davon in Landshut bisher noch viel zu wenig. Das m\u00f6chte ich \u00e4ndern!.\u201c<\/span><\/p><p><span style=\"color: #000000;\">Dem studierten Politikwissenschaftler ist es besonders wichtig, dass alle gleicherma\u00dfen an der Stadtgesellschaft partizipieren k\u00f6nnen: \u201eIch setze mich daf\u00fcr ein, dass alle Menschen, unabh\u00e4ngig ihrer Herkunft, ihrem Geschlecht oder ihrer sexuellen Orientierung sich in Landshut wohlf\u00fchlen.\u201c Pascal Pohl ist unter anderem im Verein Queer in Niederbayern aktiv.<\/span><\/p><p><span style=\"color: #000000;\">Nach Studien- und Arbeitsaufenthalten in Regensburg, M\u00fcnchen und Berlin wohnt Pascal Pohl inzwischen wieder in Landshut, wo er auch geboren und aufgewachsen ist. Bisher vor allem in der Gr\u00fcnen Jugend aktiv, schaffte er 2020 den Sprung in den Landshuter Stadtrat.<\/span><\/p><p><span style=\"color: #000000;\">Funktionen im Zusammenhang mit der Stadtratsarbeit:<\/span><\/p><ul><li><span style=\"color: #000000;\">Mitglied im Bildungs- und Kultursenat<br \/><\/span><\/li><li><span style=\"color: #000000;\">Mitglied im Jugendhilfeausschuss<\/span><\/li><\/ul>\t\t\t\t\t\t\t\t<\/div>\n\t\t\t\t<\/div>\n\t\t\t\t\t<\/div>\n\t\t<\/div>\n\t\t\t\t\t<\/div>\n\t\t<\/section>\n\t\t\t\t<section class=\"elementor-section elementor-top-section elementor-element elementor-element-9d91a6c elementor-section-boxed elementor-section-height-default elementor-section-height-default\" data-id=\"9d91a6c\" data-element_type=\"section\" data-e-type=\"section\">\n\t\t\t\t\t\t<div class=\"elementor-container elementor-column-gap-default\">\n\t\t\t\t\t<div class=\"elementor-column elementor-col-100 elementor-top-column elementor-element elementor-element-d75d3f3\" data-id=\"d75d3f3\" data-element_type=\"column\" data-e-type=\"column\">\n\t\t\t<div class=\"elementor-widget-wrap elementor-element-populated\">\n\t\t\t\t\t\t<div class=\"elementor-element elementor-element-9f43553 elementor-widget elementor-widget-text-editor\" data-id=\"9f43553\" data-element_type=\"widget\" data-e-type=\"widget\" data-widget_type=\"text-editor.default\">\n\t\t\t\t<div class=\"elementor-widget-container\">\n\t\t\t\t\t\t\t\t\t<p><span style=\"color: #000000;\"><strong>Kontakt: <\/strong><a href=\"mailto:Pascal.Pohl@gruene-fraktion.la\">Pascal.Pohl@gruene-fraktion.la<\/a><strong><br \/><\/strong><\/span><\/p>\t\t\t\t\t\t\t\t<\/div>\n\t\t\t\t<\/div>\n\t\t\t\t\t<\/div>\n\t\t<\/div>\n\t\t\t\t\t<\/div>\n\t\t<\/section>\n\t\t\t\t<\/div>\n\t\t","protected":false},"excerpt":{"rendered":"<p>&#8222;Landshut braucht junge Ideen! Ich setze mich ein f\u00fcr eine lebendige Stadtgesellschaft mit Freir\u00e4umen f\u00fcr Kreativit\u00e4t, Kunst und alternative Kultur.&#8220; Pascal Pohl liegen besonders die Themen Jugend, Kultur und Bildung&#8230; <\/p>\n","protected":false},"author":1,"featured_media":0,"parent":12,"menu_order":11,"comment_status":"closed","ping_status":"closed","template":"","meta":{"_eb_attr":"","footnotes":""},"class_list":["post-7470","page","type-page","status-publish","hentry"],"_links":{"self":[{"href":"https:\/\/gruene-fraktion.la\/index.php?rest_route=\/wp\/v2\/pages\/7470","targetHints":{"allow":["GET"]}}],"collection":[{"href":"https:\/\/gruene-fraktion.la\/index.php?rest_route=\/wp\/v2\/pages"}],"about":[{"href":"https:\/\/gruene-fraktion.la\/index.php?rest_route=\/wp\/v2\/types\/page"}],"author":[{"embeddable":true,"href":"https:\/\/gruene-fraktion.la\/index.php?rest_route=\/wp\/v2\/users\/1"}],"replies":[{"embeddable":true,"href":"https:\/\/gruene-fraktion.la\/index.php?rest_route=%2Fwp%2Fv2%2Fcomments&post=7470"}],"version-history":[{"count":12,"href":"https:\/\/gruene-fraktion.la\/index.php?rest_route=\/wp\/v2\/pages\/7470\/revisions"}],"predecessor-version":[{"id":7694,"href":"https:\/\/gruene-fraktion.la\/index.php?rest_route=\/wp\/v2\/pages\/7470\/revisions\/7694"}],"up":[{"embeddable":true,"href":"https:\/\/gruene-fraktion.la\/index.php?rest_route=\/wp\/v2\/pages\/12"}],"wp:attachment":[{"href":"https:\/\/gruene-fraktion.la\/index.php?rest_route=%2Fwp%2Fv2%2Fmedia&parent=7470"}],"curies":[{"name":"wp","href":"https:\/\/api.w.org\/{rel}","templated":true}]}}

<div data-elementor-type="wp-page" data-elementor-id="7470" class="elementor elementor-7470">
						<section class="elementor-section elementor-top-section elementor-element elementor-element-91f818f elementor-section-boxed elementor-section-height-default elementor-section-height-default" data-id="91f818f" data-element_type="section" data-e-type="section">
						<div class="elementor-container elementor-column-gap-default">
					<div class="elementor-column elementor-col-50 elementor-top-column elementor-element elementor-element-0ac3af6" data-id="0ac3af6" data-element_type="column" data-e-type="column">
			<div class="elementor-widget-wrap elementor-element-populated">
						<div class="elementor-element elementor-element-f359f83 elementor-widget elementor-widget-image" data-id="f359f83" data-element_type="widget" data-e-type="widget" data-widget_type="image.default">
				<div class="elementor-widget-container">
															<img fetchpriority="high" decoding="async" width="783" height="587" src="https://gruene-fraktion.la/wp-content/uploads/2020/05/4_Pohl_Flyer-800x600.jpg" class="attachment-large size-large wp-image-7481" alt="" srcset="https://gruene-fraktion.la/wp-content/uploads/2020/05/4_Pohl_Flyer-800x600.jpg 800w, https://gruene-fraktion.la/wp-content/uploads/2020/05/4_Pohl_Flyer-400x300.jpg 400w, https://gruene-fraktion.la/wp-content/uploads/2020/05/4_Pohl_Flyer-768x576.jpg 768w, https://gruene-fraktion.la/wp-content/uploads/2020/05/4_Pohl_Flyer-1536x1152.jpg 1536w, https://gruene-fraktion.la/wp-content/uploads/2020/05/4_Pohl_Flyer-2048x1536.jpg 2048w, https://gruene-fraktion.la/wp-content/uploads/2020/05/4_Pohl_Flyer-150x112.jpg 150w" sizes="(max-width: 783px) 100vw, 783px" title="Pascal Pohl" />															</div>
				</div>
					</div>
		</div>
				<div class="elementor-column elementor-col-50 elementor-top-column elementor-element elementor-element-26881e2" data-id="26881e2" data-element_type="column" data-e-type="column">
			<div class="elementor-widget-wrap elementor-element-populated">
						<div class="elementor-element elementor-element-236091b elementor-widget elementor-widget-text-editor" data-id="236091b" data-element_type="widget" data-e-type="widget" data-widget_type="text-editor.default">
				<div class="elementor-widget-container">
									<p><em>&#8222;Landshut braucht junge Ideen! Ich setze mich ein für eine lebendige Stadtgesellschaft mit Freiräumen für Kreativität, Kunst und alternative Kultur.&#8220;</em></p>								</div>
				</div>
					</div>
		</div>
					</div>
		</section>
				<section class="elementor-section elementor-top-section elementor-element elementor-element-e913962 elementor-section-boxed elementor-section-height-default elementor-section-height-default" data-id="e913962" data-element_type="section" data-e-type="section">
						<div class="elementor-container elementor-column-gap-default">
					<div class="elementor-column elementor-col-100 elementor-top-column elementor-element elementor-element-1b847ee" data-id="1b847ee" data-element_type="column" data-e-type="column">
			<div class="elementor-widget-wrap elementor-element-populated">
						<div class="elementor-element elementor-element-4a5956f elementor-widget elementor-widget-text-editor" data-id="4a5956f" data-element_type="widget" data-e-type="widget" data-widget_type="text-editor.default">
				<div class="elementor-widget-container">
									<p><span style="color: #000000;">Pascal Pohl liegen besonders die Themen Jugend, Kultur und Bildung am Herzen: „Etwa ein Drittel der Landshuter Bürger*innen sind jünger als 30. Ich möchte ihnen eine Stimme geben und ihre Anliegen in den Stadtrat bringen.“</span></p><p><span style="color: #000000;">Es braucht vor allem ein breites und attraktives Angebot an Jugendkultur sowie kulturelle und künstlerische Freiräume, die von allen genutzt werden können: „Gerade für junge Menschen sind Orte ohne Konsumzwang essentiell, um sich zu treffen, Sport zu machen oder kreativ zu sein Leider gibt es davon in Landshut bisher noch viel zu wenig. Das möchte ich ändern!.“</span></p><p><span style="color: #000000;">Dem studierten Politikwissenschaftler ist es besonders wichtig, dass alle gleichermaßen an der Stadtgesellschaft partizipieren können: „Ich setze mich dafür ein, dass alle Menschen, unabhängig ihrer Herkunft, ihrem Geschlecht oder ihrer sexuellen Orientierung sich in Landshut wohlfühlen.“ Pascal Pohl ist unter anderem im Verein Queer in Niederbayern aktiv.</span></p><p><span style="color: #000000;">Nach Studien- und Arbeitsaufenthalten in Regensburg, München und Berlin wohnt Pascal Pohl inzwischen wieder in Landshut, wo er auch geboren und aufgewachsen ist. Bisher vor allem in der Grünen Jugend aktiv, schaffte er 2020 den Sprung in den Landshuter Stadtrat.</span></p><p><span style="color: #000000;">Funktionen im Zusammenhang mit der Stadtratsarbeit:</span></p><ul><li><span style="color: #000000;">Mitglied im Bildungs- und Kultursenat<br /></span></li><li><span style="color: #000000;">Mitglied im Jugendhilfeausschuss</span></li></ul>								</div>
				</div>
					</div>
		</div>
					</div>
		</section>
				<section class="elementor-section elementor-top-section elementor-element elementor-element-9d91a6c elementor-section-boxed elementor-section-height-default elementor-section-height-default" data-id="9d91a6c" data-element_type="section" data-e-type="section">
						<div class="elementor-container elementor-column-gap-default">
					<div class="elementor-column elementor-col-100 elementor-top-column elementor-element elementor-element-d75d3f3" data-id="d75d3f3" data-element_type="column" data-e-type="column">
			<div class="elementor-widget-wrap elementor-element-populated">
						<div class="elementor-element elementor-element-9f43553 elementor-widget elementor-widget-text-editor" data-id="9f43553" data-element_type="widget" data-e-type="widget" data-widget_type="text-editor.default">
				<div class="elementor-widget-container">
									<p><span style="color: #000000;"><strong>Kontakt: </strong><a href="mailto:Pascal.Pohl@gruene-fraktion.la">Pascal.Pohl@gruene-fraktion.la</a><strong><br /></strong></span></p>								</div>
				</div>
					</div>
		</div>
					</div>
		</section>
				</div>

<p>&#8222;Landshut braucht junge Ideen! Ich setze mich ein für eine lebendige Stadtgesellschaft mit Freiräumen für Kreativität, Kunst und alternative Kultur.&#8220; Pascal Pohl liegen besonders die Themen Jugend, Kultur und Bildung&#8230; </p>
