{"id":9336,"date":"2022-04-15T17:54:52","date_gmt":"2022-04-15T17:54:52","guid":{"rendered":"https:\/\/gruene-fraktion.la\/?page_id=9336"},"modified":"2022-04-28T18:54:24","modified_gmt":"2022-04-28T18:54:24","slug":"radkampagne","status":"publish","type":"page","link":"https:\/\/gruene-fraktion.la\/?page_id=9336","title":{"rendered":"F\u00fcr ein fahrradfreundliches Landshut"},"content":{"rendered":"\t\t<div data-elementor-type=\"wp-page\" data-elementor-id=\"9336\" class=\"elementor elementor-9336\">\n\t\t\t\t\t\t<section class=\"elementor-section elementor-top-section elementor-element elementor-element-1c98892 elementor-section-boxed elementor-section-height-default elementor-section-height-default\" data-id=\"1c98892\" data-element_type=\"section\" data-e-type=\"section\">\n\t\t\t\t\t\t<div class=\"elementor-container elementor-column-gap-default\">\n\t\t\t\t\t<div class=\"elementor-column elementor-col-100 elementor-top-column elementor-element elementor-element-285d4d4\" data-id=\"285d4d4\" data-element_type=\"column\" data-e-type=\"column\">\n\t\t\t<div class=\"elementor-widget-wrap elementor-element-populated\">\n\t\t\t\t\t\t<div class=\"elementor-element elementor-element-1450ff8 elementor-widget elementor-widget-image\" data-id=\"1450ff8\" data-element_type=\"widget\" data-e-type=\"widget\" data-widget_type=\"image.default\">\n\t\t\t\t<div class=\"elementor-widget-container\">\n\t\t\t\t\t\t\t\t\t\t\t\t\t\t\t<img fetchpriority=\"high\" decoding=\"async\" width=\"783\" height=\"502\" src=\"https:\/\/gruene-fraktion.la\/wp-content\/uploads\/2022\/04\/Teilblatt.jpg\" class=\"attachment-large size-large wp-image-9575\" alt=\"\" srcset=\"https:\/\/gruene-fraktion.la\/wp-content\/uploads\/2022\/04\/Teilblatt.jpg 800w, https:\/\/gruene-fraktion.la\/wp-content\/uploads\/2022\/04\/Teilblatt-400x257.jpg 400w, https:\/\/gruene-fraktion.la\/wp-content\/uploads\/2022\/04\/Teilblatt-768x492.jpg 768w, https:\/\/gruene-fraktion.la\/wp-content\/uploads\/2022\/04\/Teilblatt-150x96.jpg 150w\" sizes=\"(max-width: 783px) 100vw, 783px\" title=\"Teilblatt\" \/>\t\t\t\t\t\t\t\t\t\t\t\t\t\t\t<\/div>\n\t\t\t\t<\/div>\n\t\t\t\t<div class=\"elementor-element elementor-element-a51a6d1 elementor-widget elementor-widget-text-editor\" data-id=\"a51a6d1\" data-element_type=\"widget\" data-e-type=\"widget\" data-widget_type=\"text-editor.default\">\n\t\t\t\t<div class=\"elementor-widget-container\">\n\t\t\t\t\t\t\t\t\t<h1><span style=\"color: #46962b;\">Besser Radeln in Landshut:<\/span><br \/><span style=\"color: #46962b;\">klimafreundlich, sicher und attraktiv<\/span><\/h1><h2>Unser Ziel: den Radverkehr in Landshut st\u00e4rken<\/h2><p>Die Bedeutung des Radverkehrs ist in den vergangenen Jahren und vor dem Hintergrund des Klimawandels enorm gestiegen. Je mehr Menschen das Rad nutzen und daf\u00fcr das Auto stehen lassen, desto weniger verstopfen unsere Stra\u00dfen und desto sauberer und ges\u00fcnder wird unsere Luft.<\/p><p>Der Radverkehr ist f\u00fcr uns GR\u00dcNE ein zentraler Baustein, um den Klimawandel zu entschleunigen und Mobilit\u00e4t umweltfreundlicher und sicherer zu machen. Wir wollen den Radverkehr in Landshut st\u00e4rken, denn von der Verkehrswende mit dem Fahrrad profitieren letztlich alle: von sauberer Luft, weniger L\u00e4rm, mehr Sicherheit durch langsameren Verkehr, weniger Autos auf den Stra\u00dfen und mehr Platz im \u00f6ffentlichen Raum.<\/p><blockquote><p><img decoding=\"async\" class=\"size-medium wp-image-9388 alignleft\" src=\"https:\/\/gruene-fraktion.la\/wp-content\/uploads\/2022\/04\/logo_01_Gruen-01_M-400x149.png\" alt=\"\" width=\"400\" height=\"149\" srcset=\"https:\/\/gruene-fraktion.la\/wp-content\/uploads\/2022\/04\/logo_01_Gruen-01_M-400x149.png 400w, https:\/\/gruene-fraktion.la\/wp-content\/uploads\/2022\/04\/logo_01_Gruen-01_M-800x298.png 800w, https:\/\/gruene-fraktion.la\/wp-content\/uploads\/2022\/04\/logo_01_Gruen-01_M-768x286.png 768w, https:\/\/gruene-fraktion.la\/wp-content\/uploads\/2022\/04\/logo_01_Gruen-01_M-150x56.png 150w, https:\/\/gruene-fraktion.la\/wp-content\/uploads\/2022\/04\/logo_01_Gruen-01_M.png 1000w\" sizes=\"(max-width: 400px) 100vw, 400px\" \/>Mit dem vorliegenden <a href=\"https:\/\/gruene-fraktion.la\/?page_id=9369\"><span style=\"color: #46962b;\">Antragspaket<\/span> <\/a>schlagen wir konkrete Ma\u00dfnahmen f\u00fcr eine bessere Radpolitik in Landshut vor, damit Radeln in Landshut attraktiver und sicherer wird und auch mehr Spa\u00df macht.<\/p><\/blockquote><p class=\"MsoSalutation\" style=\"margin: 0cm; mso-add-space: auto;\">\u00a0<\/p>\t\t\t\t\t\t\t\t<\/div>\n\t\t\t\t<\/div>\n\t\t\t\t<div class=\"elementor-element elementor-element-c685a35 elementor-align-right elementor-widget elementor-widget-button\" data-id=\"c685a35\" data-element_type=\"widget\" data-e-type=\"widget\" data-widget_type=\"button.default\">\n\t\t\t\t<div class=\"elementor-widget-container\">\n\t\t\t\t\t\t\t\t\t<div class=\"elementor-button-wrapper\">\n\t\t\t\t\t<a class=\"elementor-button elementor-button-link elementor-size-lg\" href=\"https:\/\/gruene-fraktion.la\/?page_id=9379\">\n\t\t\t\t\t\t<span class=\"elementor-button-content-wrapper\">\n\t\t\t\t\t\t\t\t\t<span class=\"elementor-button-text\">Weiterlesen<\/span>\n\t\t\t\t\t<\/span>\n\t\t\t\t\t<\/a>\n\t\t\t\t<\/div>\n\t\t\t\t\t\t\t\t<\/div>\n\t\t\t\t<\/div>\n\t\t\t\t\t<\/div>\n\t\t<\/div>\n\t\t\t\t\t<\/div>\n\t\t<\/section>\n\t\t\t\t<\/div>\n\t\t","protected":false},"excerpt":{"rendered":"<p>Besser Radeln in Landshut: klimafreundlich, sicher und attraktiv Unser Ziel: den Radverkehr in Landshut st\u00e4rken Die Bedeutung des Radverkehrs ist in den vergangenen Jahren und vor dem Hintergrund des Klimawandels&#8230; <\/p>\n","protected":false},"author":1,"featured_media":0,"parent":7354,"menu_order":1,"comment_status":"closed","ping_status":"closed","template":"","meta":{"_eb_attr":"","footnotes":""},"class_list":["post-9336","page","type-page","status-publish","hentry"],"_links":{"self":[{"href":"https:\/\/gruene-fraktion.la\/index.php?rest_route=\/wp\/v2\/pages\/9336","targetHints":{"allow":["GET"]}}],"collection":[{"href":"https:\/\/gruene-fraktion.la\/index.php?rest_route=\/wp\/v2\/pages"}],"about":[{"href":"https:\/\/gruene-fraktion.la\/index.php?rest_route=\/wp\/v2\/types\/page"}],"author":[{"embeddable":true,"href":"https:\/\/gruene-fraktion.la\/index.php?rest_route=\/wp\/v2\/users\/1"}],"replies":[{"embeddable":true,"href":"https:\/\/gruene-fraktion.la\/index.php?rest_route=%2Fwp%2Fv2%2Fcomments&post=9336"}],"version-history":[{"count":49,"href":"https:\/\/gruene-fraktion.la\/index.php?rest_route=\/wp\/v2\/pages\/9336\/revisions"}],"predecessor-version":[{"id":9594,"href":"https:\/\/gruene-fraktion.la\/index.php?rest_route=\/wp\/v2\/pages\/9336\/revisions\/9594"}],"up":[{"embeddable":true,"href":"https:\/\/gruene-fraktion.la\/index.php?rest_route=\/wp\/v2\/pages\/7354"}],"wp:attachment":[{"href":"https:\/\/gruene-fraktion.la\/index.php?rest_route=%2Fwp%2Fv2%2Fmedia&parent=9336"}],"curies":[{"name":"wp","href":"https:\/\/api.w.org\/{rel}","templated":true}]}}